{"id":227,"date":"2019-04-29T09:08:26","date_gmt":"2019-04-29T07:08:26","guid":{"rendered":"https:\/\/www.kohlundfrech.de\/?post_type=portfolio&#038;p=227"},"modified":"2019-05-29T11:52:18","modified_gmt":"2019-05-29T09:52:18","slug":"kindergarten-wilde-13-landau","status":"publish","type":"portfolio","link":"https:\/\/www.kohlundfrech.de\/?portfolio=kindergarten-wilde-13-landau","title":{"rendered":"KINDERGARTEN \u201cWILDE 13\u201c, LANDAU"},"content":{"rendered":"<div id='full_slider_1'  class='avia-fullwidth-slider main_color avia-shadow   avia-builder-el-0  el_before_av_section  avia-builder-el-first   container_wrap fullsize' style=' '  ><div   data-size='no scaling'  data-lightbox_size='large'  data-animation='slide'  data-conditional_play=''  data-ids='228'  data-video_counter='0'  data-autoplay='false'  data-bg_slider='false'  data-slide_height=''  data-handle='av_slideshow_full'  data-interval='5'  data-class=' '  data-el_id=''  data-css_id=''  data-scroll_down=''  data-control_layout='av-control-default'  data-custom_markup=''  data-perma_caption=''  data-autoplay_stopper=''  data-image_attachment=''  data-min_height='0px'  data-lazy_loading='disabled'  data-src=''  data-position='top left'  data-repeat='no-repeat'  data-attach='scroll'  data-stretch=''  class='avia-slideshow avia-slideshow-1  av-control-default av-default-height-applied avia-slideshow-no scaling av_slideshow_full   avia-slide-slider '  itemprop=\"image\" itemscope=\"itemscope\" itemtype=\"https:\/\/schema.org\/ImageObject\" ><ul class='avia-slideshow-inner ' style='padding-bottom: 54.514363885089%;' ><li  class=' av-single-slide slide-1 ' ><div data-rel='slideshow-1' class='avia-slide-wrap '   ><img class=\"wp-image-228 avia-img-lazy-loading-not-228\"  src=\"https:\/\/www.kohlundfrech.de\/wp-content\/uploads\/2019\/04\/02_3444_Referenzen_Jan_2019_Seite_04_Bild_0001.jpg\" width=\"1462\" height=\"797\" title='02_3444_Referenzen_Jan_2019_Seite_04_Bild_0001' alt=''  itemprop=\"thumbnailUrl\" srcset=\"https:\/\/www.kohlundfrech.de\/wp-content\/uploads\/2019\/04\/02_3444_Referenzen_Jan_2019_Seite_04_Bild_0001.jpg 1462w, https:\/\/www.kohlundfrech.de\/wp-content\/uploads\/2019\/04\/02_3444_Referenzen_Jan_2019_Seite_04_Bild_0001-275x150.jpg 275w, https:\/\/www.kohlundfrech.de\/wp-content\/uploads\/2019\/04\/02_3444_Referenzen_Jan_2019_Seite_04_Bild_0001-300x164.jpg 300w, https:\/\/www.kohlundfrech.de\/wp-content\/uploads\/2019\/04\/02_3444_Referenzen_Jan_2019_Seite_04_Bild_0001-768x419.jpg 768w, https:\/\/www.kohlundfrech.de\/wp-content\/uploads\/2019\/04\/02_3444_Referenzen_Jan_2019_Seite_04_Bild_0001-1030x561.jpg 1030w, https:\/\/www.kohlundfrech.de\/wp-content\/uploads\/2019\/04\/02_3444_Referenzen_Jan_2019_Seite_04_Bild_0001-705x384.jpg 705w, https:\/\/www.kohlundfrech.de\/wp-content\/uploads\/2019\/04\/02_3444_Referenzen_Jan_2019_Seite_04_Bild_0001-450x245.jpg 450w\" sizes=\"(max-width: 1462px) 100vw, 1462px\" \/><\/div><\/li><\/ul><\/div><\/div>\n<div id='av_section_1'  class='avia-section main_color avia-section-default avia-no-border-styling  avia-bg-style-scroll  avia-builder-el-1  el_after_av_slideshow_full  avia-builder-el-last   container_wrap fullsize' style=' '  ><div class='container' ><div class='template-page content  av-content-full alpha units'><div class='post-entry post-entry-type-page post-entry-227'><div class='entry-content-wrapper clearfix'>\n<div class=\"flex_column av_one_full  flex_column_div av-zero-column-padding first  avia-builder-el-2  avia-builder-el-no-sibling  \" style='border-radius:0px; '><section class=\"av_textblock_section \"  itemscope=\"itemscope\" itemtype=\"https:\/\/schema.org\/CreativeWork\" ><div class='avia_textblock  '   itemprop=\"text\" ><h2>KINDERGARTEN \u201cWILDE 13\u201c, LANDAU<\/h2>\n<\/div><\/section><br \/>\n<section class=\"av_textblock_section \"  itemscope=\"itemscope\" itemtype=\"https:\/\/schema.org\/CreativeWork\" ><div class='avia_textblock  '   itemprop=\"text\" ><p><span style=\"color: #f07c00;\"><strong>Projekt:<\/strong><\/span> Umbau Geb\u00e4ude 13 zu Kindergarten \u201cWilde 13\u201c Landau<br \/>\nBei dem Bauvorhaben handelt es sich um den Umbau eines denkmal gesch\u00fctzten, ehemaligen Kasernengeb\u00e4udes zu einem Kindergarten mit 8 Gruppen. Das Geb\u00e4ude stand seit dem Abzug der franz\u00f6sischen Armee in den 1990er Jahren leer.<\/p>\n<p><span style=\"color: #f07c00;\"><strong>Bauherr:<\/strong><\/span> Stadtholding Landau in der Pfalz GmbH<\/p>\n<p><span style=\"color: #f07c00;\"><strong>Baujahr:<\/strong><\/span> 2012 bis 2013<\/p>\n<p><span style=\"color: #f07c00;\"><strong>Leistungen:<\/strong><\/span> Leistungsphasen 1-8 nach HOAI<\/p>\n<\/div><\/section><br \/>\n<section class=\"av_textblock_section kuf_textblock_section \"  itemscope=\"itemscope\" itemtype=\"https:\/\/schema.org\/CreativeWork\" ><div class='avia_textblock kuf_textblock  '   itemprop=\"text\" ><div class=\"kuf_textblock_image_container\"><img src=\"https:\/\/www.kohlundfrech.de\/wp-content\/uploads\/2019\/04\/HEIZUNG_flaticonDE7621-OR-80x80.png\" \/><\/div><div class=\"kuf_textblock_text_container\"><p>Komplett neue Heizungsinstallation mit Anschluss an Fernw\u00e4rmenetz, Beheizung der R\u00e4ume \u00fcberwiegend durch Wandheizung, in einigen Bereichen durch R\u00f6hrenradiatoren<\/p>\n<\/div><\/section><br \/>\n<section class=\"av_textblock_section kuf_textblock_section \"  itemscope=\"itemscope\" itemtype=\"https:\/\/schema.org\/CreativeWork\" ><div class='avia_textblock kuf_textblock  '   itemprop=\"text\" ><div class=\"kuf_textblock_image_container\"><img src=\"https:\/\/www.kohlundfrech.de\/wp-content\/uploads\/2019\/04\/LUEFTUNG_flaticonDE7621_OR-80x80.png\" \/><\/div><div class=\"kuf_textblock_text_container\"><p>Dezentrale L\u00fcftungsanlagen in den Sanit\u00e4rbereichen<\/p>\n<\/div><\/section><br \/>\n<section class=\"av_textblock_section kuf_textblock_section \"  itemscope=\"itemscope\" itemtype=\"https:\/\/schema.org\/CreativeWork\" ><div class='avia_textblock kuf_textblock  '   itemprop=\"text\" ><div class=\"kuf_textblock_image_container\"><img src=\"https:\/\/www.kohlundfrech.de\/wp-content\/uploads\/2019\/04\/Sanitaer_flaticonDE7621_OR-80x80.png\" \/><\/div><div class=\"kuf_textblock_text_container\"><p>Komplette Erneuerung der Sanit\u00e4rinstallation einschlie\u00dflich Hausanschluss und Grundleitungen, dezentrale Warmwasserbereitung, kindgerechte Sanit\u00e4rausstattung<\/p>\n<\/div><\/section><br \/>\n<section class=\"av_textblock_section kuf_textblock_section \"  itemscope=\"itemscope\" itemtype=\"https:\/\/schema.org\/CreativeWork\" ><div class='avia_textblock kuf_textblock  '   itemprop=\"text\" ><div class=\"kuf_textblock_image_container\"><img src=\"https:\/\/www.kohlundfrech.de\/wp-content\/uploads\/2019\/04\/ELEKTRO_flaticonDE7621_OR-150x150.png\" \/><\/div><div class=\"kuf_textblock_text_container\"><p>Demontage der vorhandenen Elektroinstallation bis zum Hausanschluss Neumontage der gesamten Stark- und Schwachstromtechnik unter Ber\u00fccksichtigung der Belange des Denkmalschutzes und der Nutzung als Kindergarten<\/p>\n<\/div><\/section><br \/>\n<div  class='avia-button-wrap avia-button-left  avia-builder-el-9  el_after_kuf_textblock  avia-builder-el-last ' ><a href='https:\/\/www.kohlundfrech.de\/?page_id=243'  class='avia-button  avia-color-theme-color   avia-icon_select-yes-left-icon avia-size-medium avia-position-left '   ><span class='avia_button_icon avia_button_icon_left ' aria-hidden='true' data-av_icon='\ue830' data-av_iconfont='entypo-fontello'><\/span><span class='avia_iconbox_title' >Zur\u00fcck<\/span><\/a><\/div><\/p><\/div>\n","protected":false},"excerpt":{"rendered":"","protected":false},"featured_media":228,"comment_status":"open","ping_status":"closed","template":"","tags":[],"portfolio_entries":[5],"_links":{"self":[{"href":"https:\/\/www.kohlundfrech.de\/index.php?rest_route=\/wp\/v2\/portfolio\/227"}],"collection":[{"href":"https:\/\/www.kohlundfrech.de\/index.php?rest_route=\/wp\/v2\/portfolio"}],"about":[{"href":"https:\/\/www.kohlundfrech.de\/index.php?rest_route=\/wp\/v2\/types\/portfolio"}],"replies":[{"embeddable":true,"href":"https:\/\/www.kohlundfrech.de\/index.php?rest_route=%2Fwp%2Fv2%2Fcomments&post=227"}],"version-history":[{"count":5,"href":"https:\/\/www.kohlundfrech.de\/index.php?rest_route=\/wp\/v2\/portfolio\/227\/revisions"}],"predecessor-version":[{"id":543,"href":"https:\/\/www.kohlundfrech.de\/index.php?rest_route=\/wp\/v2\/portfolio\/227\/revisions\/543"}],"wp:featuredmedia":[{"embeddable":true,"href":"https:\/\/www.kohlundfrech.de\/index.php?rest_route=\/wp\/v2\/media\/228"}],"wp:attachment":[{"href":"https:\/\/www.kohlundfrech.de\/index.php?rest_route=%2Fwp%2Fv2%2Fmedia&parent=227"}],"wp:term":[{"taxonomy":"post_tag","embeddable":true,"href":"https:\/\/www.kohlundfrech.de\/index.php?rest_route=%2Fwp%2Fv2%2Ftags&post=227"},{"taxonomy":"portfolio_entries","embeddable":true,"href":"https:\/\/www.kohlundfrech.de\/index.php?rest_route=%2Fwp%2Fv2%2Fportfolio_entries&post=227"}],"curies":[{"name":"wp","href":"https:\/\/api.w.org\/{rel}","templated":true}]}}

<div id='full_slider_1'  class='avia-fullwidth-slider main_color avia-shadow   avia-builder-el-0  el_before_av_section  avia-builder-el-first   container_wrap fullsize' style=' '  ><div   data-size='no scaling'  data-lightbox_size='large'  data-animation='slide'  data-conditional_play=''  data-ids='228'  data-video_counter='0'  data-autoplay='false'  data-bg_slider='false'  data-slide_height=''  data-handle='av_slideshow_full'  data-interval='5'  data-class=' '  data-el_id=''  data-css_id=''  data-scroll_down=''  data-control_layout='av-control-default'  data-custom_markup=''  data-perma_caption=''  data-autoplay_stopper=''  data-image_attachment=''  data-min_height='0px'  data-lazy_loading='disabled'  data-src=''  data-position='top left'  data-repeat='no-repeat'  data-attach='scroll'  data-stretch=''  class='avia-slideshow avia-slideshow-1  av-control-default av-default-height-applied avia-slideshow-no scaling av_slideshow_full   avia-slide-slider '  itemprop="image" itemscope="itemscope" itemtype="https://schema.org/ImageObject" ><ul class='avia-slideshow-inner ' style='padding-bottom: 54.514363885089%;' ><li  class=' av-single-slide slide-1 ' ><div data-rel='slideshow-1' class='avia-slide-wrap '   ><img class="wp-image-228 avia-img-lazy-loading-not-228"  src="https://www.kohlundfrech.de/wp-content/uploads/2019/04/02_3444_Referenzen_Jan_2019_Seite_04_Bild_0001.jpg" width="1462" height="797" title='02_3444_Referenzen_Jan_2019_Seite_04_Bild_0001' alt=''  itemprop="thumbnailUrl" srcset="https://www.kohlundfrech.de/wp-content/uploads/2019/04/02_3444_Referenzen_Jan_2019_Seite_04_Bild_0001.jpg 1462w, https://www.kohlundfrech.de/wp-content/uploads/2019/04/02_3444_Referenzen_Jan_2019_Seite_04_Bild_0001-275x150.jpg 275w, https://www.kohlundfrech.de/wp-content/uploads/2019/04/02_3444_Referenzen_Jan_2019_Seite_04_Bild_0001-300x164.jpg 300w, https://www.kohlundfrech.de/wp-content/uploads/2019/04/02_3444_Referenzen_Jan_2019_Seite_04_Bild_0001-768x419.jpg 768w, https://www.kohlundfrech.de/wp-content/uploads/2019/04/02_3444_Referenzen_Jan_2019_Seite_04_Bild_0001-1030x561.jpg 1030w, https://www.kohlundfrech.de/wp-content/uploads/2019/04/02_3444_Referenzen_Jan_2019_Seite_04_Bild_0001-705x384.jpg 705w, https://www.kohlundfrech.de/wp-content/uploads/2019/04/02_3444_Referenzen_Jan_2019_Seite_04_Bild_0001-450x245.jpg 450w" sizes="(max-width: 1462px) 100vw, 1462px" /></div></li></ul></div></div>
<div id='av_section_1'  class='avia-section main_color avia-section-default avia-no-border-styling  avia-bg-style-scroll  avia-builder-el-1  el_after_av_slideshow_full  avia-builder-el-last   container_wrap fullsize' style=' '  ><div class='container' ><div class='template-page content  av-content-full alpha units'><div class='post-entry post-entry-type-page post-entry-227'><div class='entry-content-wrapper clearfix'>
<div class="flex_column av_one_full  flex_column_div av-zero-column-padding first  avia-builder-el-2  avia-builder-el-no-sibling  " style='border-radius:0px; '><section class="av_textblock_section "  itemscope="itemscope" itemtype="https://schema.org/CreativeWork" ><div class='avia_textblock  '   itemprop="text" ><h2>KINDERGARTEN “WILDE 13“, LANDAU</h2>
</div></section><br />
<section class="av_textblock_section "  itemscope="itemscope" itemtype="https://schema.org/CreativeWork" ><div class='avia_textblock  '   itemprop="text" ><p><span style="color: #f07c00;"><strong>Projekt:</strong></span> Umbau Gebäude 13 zu Kindergarten “Wilde 13“ Landau<br />
Bei dem Bauvorhaben handelt es sich um den Umbau eines denkmal geschützten, ehemaligen Kasernengebäudes zu einem Kindergarten mit 8 Gruppen. Das Gebäude stand seit dem Abzug der französischen Armee in den 1990er Jahren leer.</p>
<p><span style="color: #f07c00;"><strong>Bauherr:</strong></span> Stadtholding Landau in der Pfalz GmbH</p>
<p><span style="color: #f07c00;"><strong>Baujahr:</strong></span> 2012 bis 2013</p>
<p><span style="color: #f07c00;"><strong>Leistungen:</strong></span> Leistungsphasen 1-8 nach HOAI</p>
</div></section><br />
<section class="av_textblock_section kuf_textblock_section "  itemscope="itemscope" itemtype="https://schema.org/CreativeWork" ><div class='avia_textblock kuf_textblock  '   itemprop="text" ><div class="kuf_textblock_image_container"><img src="https://www.kohlundfrech.de/wp-content/uploads/2019/04/HEIZUNG_flaticonDE7621-OR-80x80.png" /></div><div class="kuf_textblock_text_container"><p>Komplett neue Heizungsinstallation mit Anschluss an Fernwärmenetz, Beheizung der Räume überwiegend durch Wandheizung, in einigen Bereichen durch Röhrenradiatoren</p>
</div></section><br />
<section class="av_textblock_section kuf_textblock_section "  itemscope="itemscope" itemtype="https://schema.org/CreativeWork" ><div class='avia_textblock kuf_textblock  '   itemprop="text" ><div class="kuf_textblock_image_container"><img src="https://www.kohlundfrech.de/wp-content/uploads/2019/04/LUEFTUNG_flaticonDE7621_OR-80x80.png" /></div><div class="kuf_textblock_text_container"><p>Dezentrale Lüftungsanlagen in den Sanitärbereichen</p>
</div></section><br />
<section class="av_textblock_section kuf_textblock_section "  itemscope="itemscope" itemtype="https://schema.org/CreativeWork" ><div class='avia_textblock kuf_textblock  '   itemprop="text" ><div class="kuf_textblock_image_container"><img src="https://www.kohlundfrech.de/wp-content/uploads/2019/04/Sanitaer_flaticonDE7621_OR-80x80.png" /></div><div class="kuf_textblock_text_container"><p>Komplette Erneuerung der Sanitärinstallation einschließlich Hausanschluss und Grundleitungen, dezentrale Warmwasserbereitung, kindgerechte Sanitärausstattung</p>
</div></section><br />
<section class="av_textblock_section kuf_textblock_section "  itemscope="itemscope" itemtype="https://schema.org/CreativeWork" ><div class='avia_textblock kuf_textblock  '   itemprop="text" ><div class="kuf_textblock_image_container"><img src="https://www.kohlundfrech.de/wp-content/uploads/2019/04/ELEKTRO_flaticonDE7621_OR-150x150.png" /></div><div class="kuf_textblock_text_container"><p>Demontage der vorhandenen Elektroinstallation bis zum Hausanschluss Neumontage der gesamten Stark- und Schwachstromtechnik unter Berücksichtigung der Belange des Denkmalschutzes und der Nutzung als Kindergarten</p>
</div></section><br />
<div  class='avia-button-wrap avia-button-left  avia-builder-el-9  el_after_kuf_textblock  avia-builder-el-last ' ><a href='https://www.kohlundfrech.de/?page_id=243'  class='avia-button  avia-color-theme-color   avia-icon_select-yes-left-icon avia-size-medium avia-position-left '   ><span class='avia_button_icon avia_button_icon_left ' aria-hidden='true' data-av_icon='' data-av_iconfont='entypo-fontello'></span><span class='avia_iconbox_title' >Zurück</span></a></div></p></div>
