{"id":231,"date":"2019-04-29T09:09:58","date_gmt":"2019-04-29T07:09:58","guid":{"rendered":"https:\/\/www.kohlundfrech.de\/?post_type=portfolio&#038;p=231"},"modified":"2019-06-17T11:57:20","modified_gmt":"2019-06-17T09:57:20","slug":"butenschoenhaus-landau-landau","status":"publish","type":"portfolio","link":"https:\/\/www.kohlundfrech.de\/?portfolio=butenschoenhaus-landau-landau","title":{"rendered":"BUTENSCH\u00d6NHAUS LANDAU, LANDAU"},"content":{"rendered":"<div id='full_slider_1'  class='avia-fullwidth-slider main_color avia-shadow   avia-builder-el-0  el_before_av_section  avia-builder-el-first   container_wrap fullsize' style=' '  ><div   data-size='no scaling'  data-lightbox_size='large'  data-animation='slide'  data-conditional_play=''  data-ids='233'  data-video_counter='0'  data-autoplay='false'  data-bg_slider='false'  data-slide_height=''  data-handle='av_slideshow_full'  data-interval='5'  data-class=' '  data-el_id=''  data-css_id=''  data-scroll_down=''  data-control_layout='av-control-default'  data-custom_markup=''  data-perma_caption=''  data-autoplay_stopper=''  data-image_attachment=''  data-min_height='0px'  data-lazy_loading='disabled'  data-src=''  data-position='top left'  data-repeat='no-repeat'  data-attach='scroll'  data-stretch=''  class='avia-slideshow avia-slideshow-1  av-control-default av-default-height-applied avia-slideshow-no scaling av_slideshow_full   avia-slide-slider '  itemprop=\"image\" itemscope=\"itemscope\" itemtype=\"https:\/\/schema.org\/ImageObject\" ><ul class='avia-slideshow-inner ' style='padding-bottom: 54.432042022324%;' ><li  class=' av-single-slide slide-1 ' ><div data-rel='slideshow-1' class='avia-slide-wrap '   ><img class=\"wp-image-233 avia-img-lazy-loading-not-233\"  src=\"https:\/\/www.kohlundfrech.de\/wp-content\/uploads\/2019\/04\/02_3444_Referenzen_Jan_2019_Seite_05_Bild_0001.jpg\" width=\"1523\" height=\"829\" title='02_3444_Referenzen_Jan_2019_Seite_05_Bild_0001' alt=''  itemprop=\"thumbnailUrl\" srcset=\"https:\/\/www.kohlundfrech.de\/wp-content\/uploads\/2019\/04\/02_3444_Referenzen_Jan_2019_Seite_05_Bild_0001.jpg 1523w, https:\/\/www.kohlundfrech.de\/wp-content\/uploads\/2019\/04\/02_3444_Referenzen_Jan_2019_Seite_05_Bild_0001-276x150.jpg 276w, https:\/\/www.kohlundfrech.de\/wp-content\/uploads\/2019\/04\/02_3444_Referenzen_Jan_2019_Seite_05_Bild_0001-300x163.jpg 300w, https:\/\/www.kohlundfrech.de\/wp-content\/uploads\/2019\/04\/02_3444_Referenzen_Jan_2019_Seite_05_Bild_0001-768x418.jpg 768w, https:\/\/www.kohlundfrech.de\/wp-content\/uploads\/2019\/04\/02_3444_Referenzen_Jan_2019_Seite_05_Bild_0001-1030x561.jpg 1030w, https:\/\/www.kohlundfrech.de\/wp-content\/uploads\/2019\/04\/02_3444_Referenzen_Jan_2019_Seite_05_Bild_0001-1500x816.jpg 1500w, https:\/\/www.kohlundfrech.de\/wp-content\/uploads\/2019\/04\/02_3444_Referenzen_Jan_2019_Seite_05_Bild_0001-705x384.jpg 705w, https:\/\/www.kohlundfrech.de\/wp-content\/uploads\/2019\/04\/02_3444_Referenzen_Jan_2019_Seite_05_Bild_0001-450x245.jpg 450w\" sizes=\"(max-width: 1523px) 100vw, 1523px\" \/><\/div><\/li><\/ul><\/div><\/div>\n<div id='av_section_1'  class='avia-section main_color avia-section-default avia-no-border-styling  avia-bg-style-scroll  avia-builder-el-1  el_after_av_slideshow_full  avia-builder-el-last   container_wrap fullsize' style=' '  ><div class='container' ><div class='template-page content  av-content-full alpha units'><div class='post-entry post-entry-type-page post-entry-231'><div class='entry-content-wrapper clearfix'>\n<div class=\"flex_column av_one_full  flex_column_div av-zero-column-padding first  avia-builder-el-2  el_before_av_button  avia-builder-el-first  \" style='border-radius:0px; '><section class=\"av_textblock_section \"  itemscope=\"itemscope\" itemtype=\"https:\/\/schema.org\/CreativeWork\" ><div class='avia_textblock  '   itemprop=\"text\" ><h2>BUTENSCH\u00d6NHAUS LANDAU, LANDAU<\/h2>\n<\/div><\/section><br \/>\n<section class=\"av_textblock_section \"  itemscope=\"itemscope\" itemtype=\"https:\/\/schema.org\/CreativeWork\" ><div class='avia_textblock  '   itemprop=\"text\" ><p><span style=\"color: #f07c00;\"><strong>Projekt:<\/strong><\/span> Neubau, Umbau und Erweiterung Butensch\u00f6nhaus Landau<br \/>\nEin Teil des Bestandsgeb\u00e4udes wurde komplett entkernt und modernisiert. Der Anbau an das Bestandsgeb\u00e4ude erh\u00e4lt einen Tagungsraum, eine Kapelle sowie B\u00fcror\u00e4ume. Der Neubau G\u00e4stehaus beinhaltet \u00fcber 2 Etagen Schlafr\u00e4ume. Im Kellergeschoss des Geb\u00e4udes sind Werkst\u00e4tten und B\u00fcror\u00e4ume untergebracht.<\/p>\n<p><span style=\"color: #f07c00;\"><strong>Bauherr:<\/strong><\/span> Evangelische Kirche der Pfalz<\/p>\n<p><span style=\"color: #f07c00;\"><strong>Baujahr:<\/strong><\/span> 2016\/2017<\/p>\n<p><span style=\"color: #f07c00;\"><strong>Leistungen:<\/strong><\/span> Leistungsphasen 1-9 nach HOAI<\/p>\n<\/div><\/section><br \/>\n<section class=\"av_textblock_section kuf_textblock_section \"  itemscope=\"itemscope\" itemtype=\"https:\/\/schema.org\/CreativeWork\" ><div class='avia_textblock kuf_textblock  '   itemprop=\"text\" ><div class=\"kuf_textblock_image_container\"><img src=\"https:\/\/www.kohlundfrech.de\/wp-content\/uploads\/2019\/04\/ELEKTRO_flaticonDE7621_OR-150x150.png\" \/><\/div><div class=\"kuf_textblock_text_container\"><p>Demontage der Bestandsinstallation im Bestandsgeb\u00e4ude, Versorgung des Geb\u00e4udes mit Strom, Telefon und Datentechnik von bestehendem Geb\u00e4ude in Zusammenarbeit mit dem \u00f6rtlichen EVU , komplette Elektroinstallation, Beleuchtung inkl. Sicherheits- und Notbeleuchtung, Blitzschutz- und Erdungsanlage<\/p>\n<\/div><\/section><br \/>\n<section class=\"av_textblock_section kuf_textblock_section \"  itemscope=\"itemscope\" itemtype=\"https:\/\/schema.org\/CreativeWork\" ><div class='avia_textblock kuf_textblock  '   itemprop=\"text\" ><div class=\"kuf_textblock_image_container\"><img src=\"https:\/\/www.kohlundfrech.de\/wp-content\/uploads\/2019\/04\/Geba\u0308udeautomation_flaticon_DE7621_OR-150x150.png\" \/><\/div><div class=\"kuf_textblock_text_container\"><p>Telefon und Datennetz, Medientechnik, SAT-TV-Anlage, Klingel-\/Sprechanlage, Durchsageanlage<\/p>\n<\/div><\/section><\/p><\/div><div  class='avia-button-wrap avia-button-left  avia-builder-el-7  el_after_av_one_full  avia-builder-el-last ' ><a href='https:\/\/www.kohlundfrech.de\/?page_id=243'  class='avia-button  avia-color-theme-color   avia-icon_select-yes-left-icon avia-size-medium avia-position-left '   ><span class='avia_button_icon avia_button_icon_left ' aria-hidden='true' data-av_icon='\ue830' data-av_iconfont='entypo-fontello'><\/span><span class='avia_iconbox_title' >Zur\u00fcck<\/span><\/a><\/div>\n\n","protected":false},"excerpt":{"rendered":"","protected":false},"featured_media":232,"comment_status":"open","ping_status":"closed","template":"","tags":[],"portfolio_entries":[5],"_links":{"self":[{"href":"https:\/\/www.kohlundfrech.de\/index.php?rest_route=\/wp\/v2\/portfolio\/231"}],"collection":[{"href":"https:\/\/www.kohlundfrech.de\/index.php?rest_route=\/wp\/v2\/portfolio"}],"about":[{"href":"https:\/\/www.kohlundfrech.de\/index.php?rest_route=\/wp\/v2\/types\/portfolio"}],"replies":[{"embeddable":true,"href":"https:\/\/www.kohlundfrech.de\/index.php?rest_route=%2Fwp%2Fv2%2Fcomments&post=231"}],"version-history":[{"count":6,"href":"https:\/\/www.kohlundfrech.de\/index.php?rest_route=\/wp\/v2\/portfolio\/231\/revisions"}],"predecessor-version":[{"id":551,"href":"https:\/\/www.kohlundfrech.de\/index.php?rest_route=\/wp\/v2\/portfolio\/231\/revisions\/551"}],"wp:featuredmedia":[{"embeddable":true,"href":"https:\/\/www.kohlundfrech.de\/index.php?rest_route=\/wp\/v2\/media\/232"}],"wp:attachment":[{"href":"https:\/\/www.kohlundfrech.de\/index.php?rest_route=%2Fwp%2Fv2%2Fmedia&parent=231"}],"wp:term":[{"taxonomy":"post_tag","embeddable":true,"href":"https:\/\/www.kohlundfrech.de\/index.php?rest_route=%2Fwp%2Fv2%2Ftags&post=231"},{"taxonomy":"portfolio_entries","embeddable":true,"href":"https:\/\/www.kohlundfrech.de\/index.php?rest_route=%2Fwp%2Fv2%2Fportfolio_entries&post=231"}],"curies":[{"name":"wp","href":"https:\/\/api.w.org\/{rel}","templated":true}]}}

BUTENSCHÖNHAUS LANDAU, LANDAU

<div id='full_slider_1'  class='avia-fullwidth-slider main_color avia-shadow   avia-builder-el-0  el_before_av_section  avia-builder-el-first   container_wrap fullsize' style=' '  ><div   data-size='no scaling'  data-lightbox_size='large'  data-animation='slide'  data-conditional_play=''  data-ids='233'  data-video_counter='0'  data-autoplay='false'  data-bg_slider='false'  data-slide_height=''  data-handle='av_slideshow_full'  data-interval='5'  data-class=' '  data-el_id=''  data-css_id=''  data-scroll_down=''  data-control_layout='av-control-default'  data-custom_markup=''  data-perma_caption=''  data-autoplay_stopper=''  data-image_attachment=''  data-min_height='0px'  data-lazy_loading='disabled'  data-src=''  data-position='top left'  data-repeat='no-repeat'  data-attach='scroll'  data-stretch=''  class='avia-slideshow avia-slideshow-1  av-control-default av-default-height-applied avia-slideshow-no scaling av_slideshow_full   avia-slide-slider '  itemprop="image" itemscope="itemscope" itemtype="https://schema.org/ImageObject" ><ul class='avia-slideshow-inner ' style='padding-bottom: 54.432042022324%;' ><li  class=' av-single-slide slide-1 ' ><div data-rel='slideshow-1' class='avia-slide-wrap '   ><img class="wp-image-233 avia-img-lazy-loading-not-233"  src="https://www.kohlundfrech.de/wp-content/uploads/2019/04/02_3444_Referenzen_Jan_2019_Seite_05_Bild_0001.jpg" width="1523" height="829" title='02_3444_Referenzen_Jan_2019_Seite_05_Bild_0001' alt=''  itemprop="thumbnailUrl" srcset="https://www.kohlundfrech.de/wp-content/uploads/2019/04/02_3444_Referenzen_Jan_2019_Seite_05_Bild_0001.jpg 1523w, https://www.kohlundfrech.de/wp-content/uploads/2019/04/02_3444_Referenzen_Jan_2019_Seite_05_Bild_0001-276x150.jpg 276w, https://www.kohlundfrech.de/wp-content/uploads/2019/04/02_3444_Referenzen_Jan_2019_Seite_05_Bild_0001-300x163.jpg 300w, https://www.kohlundfrech.de/wp-content/uploads/2019/04/02_3444_Referenzen_Jan_2019_Seite_05_Bild_0001-768x418.jpg 768w, https://www.kohlundfrech.de/wp-content/uploads/2019/04/02_3444_Referenzen_Jan_2019_Seite_05_Bild_0001-1030x561.jpg 1030w, https://www.kohlundfrech.de/wp-content/uploads/2019/04/02_3444_Referenzen_Jan_2019_Seite_05_Bild_0001-1500x816.jpg 1500w, https://www.kohlundfrech.de/wp-content/uploads/2019/04/02_3444_Referenzen_Jan_2019_Seite_05_Bild_0001-705x384.jpg 705w, https://www.kohlundfrech.de/wp-content/uploads/2019/04/02_3444_Referenzen_Jan_2019_Seite_05_Bild_0001-450x245.jpg 450w" sizes="(max-width: 1523px) 100vw, 1523px" /></div></li></ul></div></div>
<div id='av_section_1'  class='avia-section main_color avia-section-default avia-no-border-styling  avia-bg-style-scroll  avia-builder-el-1  el_after_av_slideshow_full  avia-builder-el-last   container_wrap fullsize' style=' '  ><div class='container' ><div class='template-page content  av-content-full alpha units'><div class='post-entry post-entry-type-page post-entry-231'><div class='entry-content-wrapper clearfix'>
<div class="flex_column av_one_full  flex_column_div av-zero-column-padding first  avia-builder-el-2  el_before_av_button  avia-builder-el-first  " style='border-radius:0px; '><section class="av_textblock_section "  itemscope="itemscope" itemtype="https://schema.org/CreativeWork" ><div class='avia_textblock  '   itemprop="text" ><h2>BUTENSCHÖNHAUS LANDAU, LANDAU</h2>
</div></section><br />
<section class="av_textblock_section "  itemscope="itemscope" itemtype="https://schema.org/CreativeWork" ><div class='avia_textblock  '   itemprop="text" ><p><span style="color: #f07c00;"><strong>Projekt:</strong></span> Neubau, Umbau und Erweiterung Butenschönhaus Landau<br />
Ein Teil des Bestandsgebäudes wurde komplett entkernt und modernisiert. Der Anbau an das Bestandsgebäude erhält einen Tagungsraum, eine Kapelle sowie Büroräume. Der Neubau Gästehaus beinhaltet über 2 Etagen Schlafräume. Im Kellergeschoss des Gebäudes sind Werkstätten und Büroräume untergebracht.</p>
<p><span style="color: #f07c00;"><strong>Bauherr:</strong></span> Evangelische Kirche der Pfalz</p>
<p><span style="color: #f07c00;"><strong>Baujahr:</strong></span> 2016/2017</p>
<p><span style="color: #f07c00;"><strong>Leistungen:</strong></span> Leistungsphasen 1-9 nach HOAI</p>
</div></section><br />
<section class="av_textblock_section kuf_textblock_section "  itemscope="itemscope" itemtype="https://schema.org/CreativeWork" ><div class='avia_textblock kuf_textblock  '   itemprop="text" ><div class="kuf_textblock_image_container"><img src="https://www.kohlundfrech.de/wp-content/uploads/2019/04/ELEKTRO_flaticonDE7621_OR-150x150.png" /></div><div class="kuf_textblock_text_container"><p>Demontage der Bestandsinstallation im Bestandsgebäude, Versorgung des Gebäudes mit Strom, Telefon und Datentechnik von bestehendem Gebäude in Zusammenarbeit mit dem örtlichen EVU , komplette Elektroinstallation, Beleuchtung inkl. Sicherheits- und Notbeleuchtung, Blitzschutz- und Erdungsanlage</p>
</div></section><br />
<section class="av_textblock_section kuf_textblock_section "  itemscope="itemscope" itemtype="https://schema.org/CreativeWork" ><div class='avia_textblock kuf_textblock  '   itemprop="text" ><div class="kuf_textblock_image_container"><img src="https://www.kohlundfrech.de/wp-content/uploads/2019/04/Gebäudeautomation_flaticon_DE7621_OR-150x150.png" /></div><div class="kuf_textblock_text_container"><p>Telefon und Datennetz, Medientechnik, SAT-TV-Anlage, Klingel-/Sprechanlage, Durchsageanlage</p>
</div></section></p></div><div  class='avia-button-wrap avia-button-left  avia-builder-el-7  el_after_av_one_full  avia-builder-el-last ' ><a href='https://www.kohlundfrech.de/?page_id=243'  class='avia-button  avia-color-theme-color   avia-icon_select-yes-left-icon avia-size-medium avia-position-left '   ><span class='avia_button_icon avia_button_icon_left ' aria-hidden='true' data-av_icon='' data-av_iconfont='entypo-fontello'></span><span class='avia_iconbox_title' >Zurück</span></a></div>
