{"id":368,"date":"2019-05-08T16:36:44","date_gmt":"2019-05-08T14:36:44","guid":{"rendered":"https:\/\/www.kohlundfrech.de\/?post_type=portfolio&#038;p=368"},"modified":"2019-05-22T14:01:06","modified_gmt":"2019-05-22T12:01:06","slug":"368","status":"publish","type":"portfolio","link":"https:\/\/www.kohlundfrech.de\/?portfolio=368","title":{"rendered":"PIH FRANKENTHAL, FRANKENTHAL"},"content":{"rendered":"<div id='full_slider_1'  class='avia-fullwidth-slider main_color avia-shadow   avia-builder-el-0  el_before_av_section  avia-builder-el-first   container_wrap fullsize' style=' '  ><div   data-size='no scaling'  data-lightbox_size='large'  data-animation='slide'  data-conditional_play=''  data-ids='369'  data-video_counter='0'  data-autoplay='false'  data-bg_slider='false'  data-slide_height=''  data-handle='av_slideshow_full'  data-interval='5'  data-class=' '  data-el_id=''  data-css_id=''  data-scroll_down=''  data-control_layout='av-control-default'  data-custom_markup=''  data-perma_caption=''  data-autoplay_stopper=''  data-image_attachment=''  data-min_height='0px'  data-lazy_loading='disabled'  data-src=''  data-position='top left'  data-repeat='no-repeat'  data-attach='scroll'  data-stretch=''  class='avia-slideshow avia-slideshow-1  av-control-default av-default-height-applied avia-slideshow-no scaling av_slideshow_full   avia-slide-slider '  itemprop=\"image\" itemscope=\"itemscope\" itemtype=\"https:\/\/schema.org\/ImageObject\" ><ul class='avia-slideshow-inner ' style='padding-bottom: 54.533508541393%;' ><li  class=' av-single-slide slide-1 ' ><div data-rel='slideshow-1' class='avia-slide-wrap '   ><img class=\"wp-image-369 avia-img-lazy-loading-not-369\"  src=\"https:\/\/www.kohlundfrech.de\/wp-content\/uploads\/2019\/05\/PIH_Frankenthal_Big.jpg\" width=\"1522\" height=\"830\" title='PIH_Frankenthal_Big' alt=''  itemprop=\"thumbnailUrl\" srcset=\"https:\/\/www.kohlundfrech.de\/wp-content\/uploads\/2019\/05\/PIH_Frankenthal_Big.jpg 1522w, https:\/\/www.kohlundfrech.de\/wp-content\/uploads\/2019\/05\/PIH_Frankenthal_Big-275x150.jpg 275w, https:\/\/www.kohlundfrech.de\/wp-content\/uploads\/2019\/05\/PIH_Frankenthal_Big-300x164.jpg 300w, https:\/\/www.kohlundfrech.de\/wp-content\/uploads\/2019\/05\/PIH_Frankenthal_Big-768x419.jpg 768w, https:\/\/www.kohlundfrech.de\/wp-content\/uploads\/2019\/05\/PIH_Frankenthal_Big-1030x562.jpg 1030w, https:\/\/www.kohlundfrech.de\/wp-content\/uploads\/2019\/05\/PIH_Frankenthal_Big-1500x818.jpg 1500w, https:\/\/www.kohlundfrech.de\/wp-content\/uploads\/2019\/05\/PIH_Frankenthal_Big-705x384.jpg 705w, https:\/\/www.kohlundfrech.de\/wp-content\/uploads\/2019\/05\/PIH_Frankenthal_Big-450x245.jpg 450w\" sizes=\"(max-width: 1522px) 100vw, 1522px\" \/><\/div><\/li><\/ul><\/div><\/div>\n<div id='av_section_1'  class='avia-section main_color avia-section-default avia-no-border-styling  avia-bg-style-scroll  avia-builder-el-1  el_after_av_slideshow_full  avia-builder-el-last   container_wrap fullsize' style=' '  ><div class='container' ><div class='template-page content  av-content-full alpha units'><div class='post-entry post-entry-type-page post-entry-368'><div class='entry-content-wrapper clearfix'>\n<div class=\"flex_column av_one_full  flex_column_div av-zero-column-padding first  avia-builder-el-2  avia-builder-el-no-sibling  \" style='border-radius:0px; '><section class=\"av_textblock_section \"  itemscope=\"itemscope\" itemtype=\"https:\/\/schema.org\/CreativeWork\" ><div class='avia_textblock  '   itemprop=\"text\" ><h2>PIH FRANKENTHAL,\u00a0FRANKENTHAL<\/h2>\n<\/div><\/section><br \/>\n<section class=\"av_textblock_section \"  itemscope=\"itemscope\" itemtype=\"https:\/\/schema.org\/CreativeWork\" ><div class='avia_textblock  '   itemprop=\"text\" ><p><span style=\"color: #f07c00;\"><strong>Projekt:<\/strong><\/span> Diverse Ma\u00dfnahme im \u201ePfalzinstitut f\u00fcr H\u00f6ren und Kommunikation\u201c in Frankenthal<\/p>\n<p><span style=\"color: #f07c00;\"><strong>Bauherr:<\/strong><\/span> Bezirksverband Pfalz<\/p>\n<p><span style=\"color: #f07c00;\"><strong>Baujahr:<\/strong><\/span> 2012 bis 2015<\/p>\n<p><span style=\"color: #f07c00;\"><strong>Leistungen:<\/strong><\/span> Leistungsphasen 1-8, teilweise 9 nach HOAI<\/p>\n<\/div><\/section><br \/>\n<section class=\"av_textblock_section kuf_textblock_section \"  itemscope=\"itemscope\" itemtype=\"https:\/\/schema.org\/CreativeWork\" ><div class='avia_textblock kuf_textblock  '   itemprop=\"text\" ><div class=\"kuf_textblock_image_container\"><img src=\"https:\/\/www.kohlundfrech.de\/wp-content\/uploads\/2019\/04\/Sanitaer_flaticonDE7621_OR-300x300.png\" \/><\/div><div class=\"kuf_textblock_text_container\"><p>Sanierung Sanit\u00e4rbereiche im Internat, Sanierung Trinkwasser Hauptgeb\u00e4ude, Sanierung\u00a0Trinkwasser Haus A Internat<\/p>\n<\/div><\/section><br \/>\n<section class=\"av_textblock_section kuf_textblock_section \"  itemscope=\"itemscope\" itemtype=\"https:\/\/schema.org\/CreativeWork\" ><div class='avia_textblock kuf_textblock  '   itemprop=\"text\" ><div class=\"kuf_textblock_image_container\"><img src=\"https:\/\/www.kohlundfrech.de\/wp-content\/uploads\/2019\/04\/ELEKTRO_flaticonDE7621_OR-300x300.png\" \/><\/div><div class=\"kuf_textblock_text_container\"><p>Brandmeldeanlage in den Wohnh\u00e4usern Internat: Neuer Campus-Loop mit 3\u00a0Brandmeldezentralen, verst\u00e4rkte optische Alarmierung f\u00fcr Geh\u00f6rlose, dezentrale\u00a0\u00dcberwachungseinrichtungen f\u00fcr Betreuer<\/p>\n<\/div><\/section><br \/>\n<section class=\"av_textblock_section kuf_textblock_section \"  itemscope=\"itemscope\" itemtype=\"https:\/\/schema.org\/CreativeWork\" ><div class='avia_textblock kuf_textblock  '   itemprop=\"text\" ><div class=\"kuf_textblock_image_container\"><img src=\"https:\/\/www.kohlundfrech.de\/wp-content\/uploads\/2019\/04\/Geba\u0308udeautomation_flaticon_DE7621_OR-80x80.png\" \/><\/div><div class=\"kuf_textblock_text_container\"><p>Mensa im Internat: Neue Elektroinstallation Starkstrom sowie Fernmelde- und IT-Anlagen,\u00a0Austausch der Beleuchtungsanlagen gegen LED mit Dali-Steuerung f\u00fcr besondere Anlagen, z.B.\u00a0B\u00fchnenauff\u00fchrung, neue Sonnenschutzsteuerung nach Vorgaben des IMU<\/p>\n<p>Keller im Hauptgeb\u00e4ude: Entfernung der Haupt- und Nebenkabeltrassen aufgrund der\u00a0Brandlasten im Fluchtweg<\/p>\n<p>Sanierung der Berufsbildenden Schule: Neue Elektroinstallation Starkstrom sowie Fernmelde- und\u00a0IT-Anlagen teilweise neue Bedieninstallationen, komplett neue Beleuchtung<\/p>\n<p>Sanierung Haus 1, 3 und 4 Internat: Teilerneuerung Starkstromanlagen, komplett neue\u00a0Beleuchtung und Steuerung gem. Vorgaben des BMUB (Bundesministerium f\u00fcr Umwelt,\u00a0Naturschutz, Bau und Reaktorsicherheit)<\/p>\n<p>Sanierung Geb\u00e4ude A, BT 3-4 , 1. BA<\/p>\n<\/div><\/section><br \/>\n<div  class='avia-button-wrap avia-button-left  avia-builder-el-8  el_after_kuf_textblock  avia-builder-el-last ' ><a href='https:\/\/www.kohlundfrech.de\/?page_id=243'  class='avia-button  avia-color-theme-color   avia-icon_select-yes-left-icon avia-size-medium avia-position-left '   ><span class='avia_button_icon avia_button_icon_left ' aria-hidden='true' data-av_icon='\ue830' data-av_iconfont='entypo-fontello'><\/span><span class='avia_iconbox_title' >Zur\u00fcck<\/span><\/a><\/div><\/p><\/div>\n","protected":false},"excerpt":{"rendered":"","protected":false},"featured_media":372,"comment_status":"open","ping_status":"closed","template":"","tags":[],"portfolio_entries":[5],"_links":{"self":[{"href":"https:\/\/www.kohlundfrech.de\/index.php?rest_route=\/wp\/v2\/portfolio\/368"}],"collection":[{"href":"https:\/\/www.kohlundfrech.de\/index.php?rest_route=\/wp\/v2\/portfolio"}],"about":[{"href":"https:\/\/www.kohlundfrech.de\/index.php?rest_route=\/wp\/v2\/types\/portfolio"}],"replies":[{"embeddable":true,"href":"https:\/\/www.kohlundfrech.de\/index.php?rest_route=%2Fwp%2Fv2%2Fcomments&post=368"}],"version-history":[{"count":6,"href":"https:\/\/www.kohlundfrech.de\/index.php?rest_route=\/wp\/v2\/portfolio\/368\/revisions"}],"predecessor-version":[{"id":516,"href":"https:\/\/www.kohlundfrech.de\/index.php?rest_route=\/wp\/v2\/portfolio\/368\/revisions\/516"}],"wp:featuredmedia":[{"embeddable":true,"href":"https:\/\/www.kohlundfrech.de\/index.php?rest_route=\/wp\/v2\/media\/372"}],"wp:attachment":[{"href":"https:\/\/www.kohlundfrech.de\/index.php?rest_route=%2Fwp%2Fv2%2Fmedia&parent=368"}],"wp:term":[{"taxonomy":"post_tag","embeddable":true,"href":"https:\/\/www.kohlundfrech.de\/index.php?rest_route=%2Fwp%2Fv2%2Ftags&post=368"},{"taxonomy":"portfolio_entries","embeddable":true,"href":"https:\/\/www.kohlundfrech.de\/index.php?rest_route=%2Fwp%2Fv2%2Fportfolio_entries&post=368"}],"curies":[{"name":"wp","href":"https:\/\/api.w.org\/{rel}","templated":true}]}}

<div id='full_slider_1'  class='avia-fullwidth-slider main_color avia-shadow   avia-builder-el-0  el_before_av_section  avia-builder-el-first   container_wrap fullsize' style=' '  ><div   data-size='no scaling'  data-lightbox_size='large'  data-animation='slide'  data-conditional_play=''  data-ids='369'  data-video_counter='0'  data-autoplay='false'  data-bg_slider='false'  data-slide_height=''  data-handle='av_slideshow_full'  data-interval='5'  data-class=' '  data-el_id=''  data-css_id=''  data-scroll_down=''  data-control_layout='av-control-default'  data-custom_markup=''  data-perma_caption=''  data-autoplay_stopper=''  data-image_attachment=''  data-min_height='0px'  data-lazy_loading='disabled'  data-src=''  data-position='top left'  data-repeat='no-repeat'  data-attach='scroll'  data-stretch=''  class='avia-slideshow avia-slideshow-1  av-control-default av-default-height-applied avia-slideshow-no scaling av_slideshow_full   avia-slide-slider '  itemprop="image" itemscope="itemscope" itemtype="https://schema.org/ImageObject" ><ul class='avia-slideshow-inner ' style='padding-bottom: 54.533508541393%;' ><li  class=' av-single-slide slide-1 ' ><div data-rel='slideshow-1' class='avia-slide-wrap '   ><img class="wp-image-369 avia-img-lazy-loading-not-369"  src="https://www.kohlundfrech.de/wp-content/uploads/2019/05/PIH_Frankenthal_Big.jpg" width="1522" height="830" title='PIH_Frankenthal_Big' alt=''  itemprop="thumbnailUrl" srcset="https://www.kohlundfrech.de/wp-content/uploads/2019/05/PIH_Frankenthal_Big.jpg 1522w, https://www.kohlundfrech.de/wp-content/uploads/2019/05/PIH_Frankenthal_Big-275x150.jpg 275w, https://www.kohlundfrech.de/wp-content/uploads/2019/05/PIH_Frankenthal_Big-300x164.jpg 300w, https://www.kohlundfrech.de/wp-content/uploads/2019/05/PIH_Frankenthal_Big-768x419.jpg 768w, https://www.kohlundfrech.de/wp-content/uploads/2019/05/PIH_Frankenthal_Big-1030x562.jpg 1030w, https://www.kohlundfrech.de/wp-content/uploads/2019/05/PIH_Frankenthal_Big-1500x818.jpg 1500w, https://www.kohlundfrech.de/wp-content/uploads/2019/05/PIH_Frankenthal_Big-705x384.jpg 705w, https://www.kohlundfrech.de/wp-content/uploads/2019/05/PIH_Frankenthal_Big-450x245.jpg 450w" sizes="(max-width: 1522px) 100vw, 1522px" /></div></li></ul></div></div>
<div id='av_section_1'  class='avia-section main_color avia-section-default avia-no-border-styling  avia-bg-style-scroll  avia-builder-el-1  el_after_av_slideshow_full  avia-builder-el-last   container_wrap fullsize' style=' '  ><div class='container' ><div class='template-page content  av-content-full alpha units'><div class='post-entry post-entry-type-page post-entry-368'><div class='entry-content-wrapper clearfix'>
<div class="flex_column av_one_full  flex_column_div av-zero-column-padding first  avia-builder-el-2  avia-builder-el-no-sibling  " style='border-radius:0px; '><section class="av_textblock_section "  itemscope="itemscope" itemtype="https://schema.org/CreativeWork" ><div class='avia_textblock  '   itemprop="text" ><h2>PIH FRANKENTHAL, FRANKENTHAL</h2>
</div></section><br />
<section class="av_textblock_section "  itemscope="itemscope" itemtype="https://schema.org/CreativeWork" ><div class='avia_textblock  '   itemprop="text" ><p><span style="color: #f07c00;"><strong>Projekt:</strong></span> Diverse Maßnahme im „Pfalzinstitut für Hören und Kommunikation“ in Frankenthal</p>
<p><span style="color: #f07c00;"><strong>Bauherr:</strong></span> Bezirksverband Pfalz</p>
<p><span style="color: #f07c00;"><strong>Baujahr:</strong></span> 2012 bis 2015</p>
<p><span style="color: #f07c00;"><strong>Leistungen:</strong></span> Leistungsphasen 1-8, teilweise 9 nach HOAI</p>
</div></section><br />
<section class="av_textblock_section kuf_textblock_section "  itemscope="itemscope" itemtype="https://schema.org/CreativeWork" ><div class='avia_textblock kuf_textblock  '   itemprop="text" ><div class="kuf_textblock_image_container"><img src="https://www.kohlundfrech.de/wp-content/uploads/2019/04/Sanitaer_flaticonDE7621_OR-300x300.png" /></div><div class="kuf_textblock_text_container"><p>Sanierung Sanitärbereiche im Internat, Sanierung Trinkwasser Hauptgebäude, Sanierung Trinkwasser Haus A Internat</p>
</div></section><br />
<section class="av_textblock_section kuf_textblock_section "  itemscope="itemscope" itemtype="https://schema.org/CreativeWork" ><div class='avia_textblock kuf_textblock  '   itemprop="text" ><div class="kuf_textblock_image_container"><img src="https://www.kohlundfrech.de/wp-content/uploads/2019/04/ELEKTRO_flaticonDE7621_OR-300x300.png" /></div><div class="kuf_textblock_text_container"><p>Brandmeldeanlage in den Wohnhäusern Internat: Neuer Campus-Loop mit 3 Brandmeldezentralen, verstärkte optische Alarmierung für Gehörlose, dezentrale Überwachungseinrichtungen für Betreuer</p>
</div></section><br />
<section class="av_textblock_section kuf_textblock_section "  itemscope="itemscope" itemtype="https://schema.org/CreativeWork" ><div class='avia_textblock kuf_textblock  '   itemprop="text" ><div class="kuf_textblock_image_container"><img src="https://www.kohlundfrech.de/wp-content/uploads/2019/04/Gebäudeautomation_flaticon_DE7621_OR-80x80.png" /></div><div class="kuf_textblock_text_container"><p>Mensa im Internat: Neue Elektroinstallation Starkstrom sowie Fernmelde- und IT-Anlagen, Austausch der Beleuchtungsanlagen gegen LED mit Dali-Steuerung für besondere Anlagen, z.B. Bühnenaufführung, neue Sonnenschutzsteuerung nach Vorgaben des IMU</p>
<p>Keller im Hauptgebäude: Entfernung der Haupt- und Nebenkabeltrassen aufgrund der Brandlasten im Fluchtweg</p>
<p>Sanierung der Berufsbildenden Schule: Neue Elektroinstallation Starkstrom sowie Fernmelde- und IT-Anlagen teilweise neue Bedieninstallationen, komplett neue Beleuchtung</p>
<p>Sanierung Haus 1, 3 und 4 Internat: Teilerneuerung Starkstromanlagen, komplett neue Beleuchtung und Steuerung gem. Vorgaben des BMUB (Bundesministerium für Umwelt, Naturschutz, Bau und Reaktorsicherheit)</p>
<p>Sanierung Gebäude A, BT 3-4 , 1. BA</p>
</div></section><br />
<div  class='avia-button-wrap avia-button-left  avia-builder-el-8  el_after_kuf_textblock  avia-builder-el-last ' ><a href='https://www.kohlundfrech.de/?page_id=243'  class='avia-button  avia-color-theme-color   avia-icon_select-yes-left-icon avia-size-medium avia-position-left '   ><span class='avia_button_icon avia_button_icon_left ' aria-hidden='true' data-av_icon='' data-av_iconfont='entypo-fontello'></span><span class='avia_iconbox_title' >Zurück</span></a></div></p></div>
