{"id":404,"date":"2019-05-09T09:44:49","date_gmt":"2019-05-09T07:44:49","guid":{"rendered":"https:\/\/www.kohlundfrech.de\/?post_type=portfolio&#038;p=404"},"modified":"2019-05-22T14:00:44","modified_gmt":"2019-05-22T12:00:44","slug":"hotel-und-ladengeschaefte-tor-zur-pfalz-speyer","status":"publish","type":"portfolio","link":"https:\/\/www.kohlundfrech.de\/?portfolio=hotel-und-ladengeschaefte-tor-zur-pfalz-speyer","title":{"rendered":"HOTEL UND LADENGESCH\u00c4FTE \u201cTOR ZUR PFALZ\u201c, SPEYER"},"content":{"rendered":"<div id='full_slider_1'  class='avia-fullwidth-slider main_color avia-shadow   avia-builder-el-0  el_before_av_section  avia-builder-el-first   container_wrap fullsize' style=' '  ><div   data-size='no scaling'  data-lightbox_size='large'  data-animation='slide'  data-conditional_play=''  data-ids='407'  data-video_counter='0'  data-autoplay='false'  data-bg_slider='false'  data-slide_height=''  data-handle='av_slideshow_full'  data-interval='5'  data-class=' '  data-el_id=''  data-css_id=''  data-scroll_down=''  data-control_layout='av-control-default'  data-custom_markup=''  data-perma_caption=''  data-autoplay_stopper=''  data-image_attachment=''  data-min_height='0px'  data-lazy_loading='disabled'  data-src=''  data-position='top left'  data-repeat='no-repeat'  data-attach='scroll'  data-stretch=''  class='avia-slideshow avia-slideshow-1  av-control-default av-default-height-applied avia-slideshow-no scaling av_slideshow_full   avia-slide-slider '  itemprop=\"image\" itemscope=\"itemscope\" itemtype=\"https:\/\/schema.org\/ImageObject\" ><ul class='avia-slideshow-inner ' style='padding-bottom: 54.533508541393%;' ><li  class=' av-single-slide slide-1 ' ><div data-rel='slideshow-1' class='avia-slide-wrap '   ><img class=\"wp-image-407 avia-img-lazy-loading-not-407\"  src=\"https:\/\/www.kohlundfrech.de\/wp-content\/uploads\/2019\/05\/Tor_zur_Pfalz_Big.jpg\" width=\"1522\" height=\"830\" title='Tor_zur_Pfalz_Big' alt=''  itemprop=\"thumbnailUrl\" srcset=\"https:\/\/www.kohlundfrech.de\/wp-content\/uploads\/2019\/05\/Tor_zur_Pfalz_Big.jpg 1522w, https:\/\/www.kohlundfrech.de\/wp-content\/uploads\/2019\/05\/Tor_zur_Pfalz_Big-275x150.jpg 275w, https:\/\/www.kohlundfrech.de\/wp-content\/uploads\/2019\/05\/Tor_zur_Pfalz_Big-300x164.jpg 300w, https:\/\/www.kohlundfrech.de\/wp-content\/uploads\/2019\/05\/Tor_zur_Pfalz_Big-768x419.jpg 768w, https:\/\/www.kohlundfrech.de\/wp-content\/uploads\/2019\/05\/Tor_zur_Pfalz_Big-1030x562.jpg 1030w, https:\/\/www.kohlundfrech.de\/wp-content\/uploads\/2019\/05\/Tor_zur_Pfalz_Big-1500x818.jpg 1500w, https:\/\/www.kohlundfrech.de\/wp-content\/uploads\/2019\/05\/Tor_zur_Pfalz_Big-705x384.jpg 705w, https:\/\/www.kohlundfrech.de\/wp-content\/uploads\/2019\/05\/Tor_zur_Pfalz_Big-450x245.jpg 450w\" sizes=\"(max-width: 1522px) 100vw, 1522px\" \/><\/div><\/li><\/ul><\/div><\/div>\n<div id='av_section_1'  class='avia-section main_color avia-section-default avia-no-border-styling  avia-bg-style-scroll  avia-builder-el-1  el_after_av_slideshow_full  avia-builder-el-last   container_wrap fullsize' style=' '  ><div class='container' ><div class='template-page content  av-content-full alpha units'><div class='post-entry post-entry-type-page post-entry-404'><div class='entry-content-wrapper clearfix'>\n<div class=\"flex_column av_one_full  flex_column_div av-zero-column-padding first  avia-builder-el-2  avia-builder-el-no-sibling  \" style='border-radius:0px; '><section class=\"av_textblock_section \"  itemscope=\"itemscope\" itemtype=\"https:\/\/schema.org\/CreativeWork\" ><div class='avia_textblock  '   itemprop=\"text\" ><h2>HOTEL UND LADENGESCH\u00c4FTE \u201cTOR ZUR PFALZ\u201c, SPEYER<\/h2>\n<\/div><\/section><br \/>\n<section class=\"av_textblock_section \"  itemscope=\"itemscope\" itemtype=\"https:\/\/schema.org\/CreativeWork\" ><div class='avia_textblock  '   itemprop=\"text\" ><p><span style=\"color: #f07c00;\"><strong>Projekt:<\/strong><\/span> Umbau des ehemaligen Gesundheitsamtes in Speyer zu einem Hotel und Ladengesch\u00e4ften. Es\u00a0handelt sich hier um den Umbau des ehemaligen\u00a0Gesundheitsamtes zu einem Hotel- und\u00a0Gastronomiebetrieb. Das \u00e4u\u00dfere Erscheinungsbild des Geb\u00e4udes durfte durch den Umbau nicht\u00a0ver\u00e4ndert werden.<\/p>\n<p><span style=\"color: #f07c00;\"><strong>Bauherr:<\/strong><\/span> LBB Rheinland-Pfalz, Niederlassung Landau<\/p>\n<p><span style=\"color: #f07c00;\"><strong>Baujahr:<\/strong><\/span> 2008 bis 2012<\/p>\n<p><span style=\"color: #f07c00;\"><strong>Leistungen:<\/strong><\/span> Leistungsphasen 1-8 nach HOAI<\/p>\n<\/div><\/section><br \/>\n<section class=\"av_textblock_section kuf_textblock_section \"  itemscope=\"itemscope\" itemtype=\"https:\/\/schema.org\/CreativeWork\" ><div class='avia_textblock kuf_textblock  '   itemprop=\"text\" ><div class=\"kuf_textblock_image_container\"><img src=\"https:\/\/www.kohlundfrech.de\/wp-content\/uploads\/2019\/04\/HEIZUNG_flaticonDE7621-OR-80x80.png\" \/><\/div><div class=\"kuf_textblock_text_container\"><p>Komplett neue Heizungsinstallation, neue Gas-Brennwertger\u00e4te f\u00fcr Raumheizung und\u00a0Warmwasserbereitung, Beheizung der R\u00e4ume durch R\u00f6hrenradiatoren<\/p>\n<\/div><\/section><br \/>\n<section class=\"av_textblock_section kuf_textblock_section \"  itemscope=\"itemscope\" itemtype=\"https:\/\/schema.org\/CreativeWork\" ><div class='avia_textblock kuf_textblock  '   itemprop=\"text\" ><div class=\"kuf_textblock_image_container\"><img src=\"https:\/\/www.kohlundfrech.de\/wp-content\/uploads\/2019\/04\/LUEFTUNG_flaticonDE7621_OR-80x80.png\" \/><\/div><div class=\"kuf_textblock_text_container\"><p>L\u00fcftungsanlage mit W\u00e4rmer\u00fcckgewinnung f\u00fcr alle Hotelzimmer einschl. Nasszellen\u00a0L\u00fcftungsanlage f\u00fcr Gastronomiebereich<\/p>\n<\/div><\/section><br \/>\n<section class=\"av_textblock_section kuf_textblock_section \"  itemscope=\"itemscope\" itemtype=\"https:\/\/schema.org\/CreativeWork\" ><div class='avia_textblock kuf_textblock  '   itemprop=\"text\" ><div class=\"kuf_textblock_image_container\"><img src=\"https:\/\/www.kohlundfrech.de\/wp-content\/uploads\/2019\/04\/Sanitaer_flaticonDE7621_OR-80x80.png\" \/><\/div><div class=\"kuf_textblock_text_container\"><p>Komplette Erneuerung der Sanit\u00e4rinstallation einschlie\u00dflich Hausanschluss und Grundleitungen\u00a0innerhalb des Geb\u00e4udes, zentrale Warmwasserbereitung<br \/>\nNasszellen in 23 Hotelzimmern, WC-Anlagen und K\u00fccheninstallation f\u00fcr den Gastronomiebereich<\/p>\n<\/div><\/section><br \/>\n<section class=\"av_textblock_section kuf_textblock_section \"  itemscope=\"itemscope\" itemtype=\"https:\/\/schema.org\/CreativeWork\" ><div class='avia_textblock kuf_textblock  '   itemprop=\"text\" ><div class=\"kuf_textblock_image_container\"><img src=\"https:\/\/www.kohlundfrech.de\/wp-content\/uploads\/2019\/04\/ELEKTRO_flaticonDE7621_OR-300x300.png\" \/><\/div><div class=\"kuf_textblock_text_container\"><p>Kernsanierung der kompletten Elektroinstallation unter Ber\u00fccksichtigung der Belange des\u00a0Denkmalschutzes und der Nutzung als k\u00fcnftiges Hotel,\u00a0Neuinstallation der gesamten Stark- und\u00a0Schwachstrominstallation inklusive Brandmeldeanlage nach DIN 14 675<\/p>\n<\/div><\/section><br \/>\n<div  class='avia-button-wrap avia-button-left  avia-builder-el-9  el_after_kuf_textblock  avia-builder-el-last ' ><a href='https:\/\/www.kohlundfrech.de\/?page_id=260'  class='avia-button  avia-color-theme-color   avia-icon_select-yes-left-icon avia-size-medium avia-position-left '   ><span class='avia_button_icon avia_button_icon_left ' aria-hidden='true' data-av_icon='\ue830' data-av_iconfont='entypo-fontello'><\/span><span class='avia_iconbox_title' >Zur\u00fcck<\/span><\/a><\/div><\/p><\/div>\n","protected":false},"excerpt":{"rendered":"","protected":false},"featured_media":408,"comment_status":"open","ping_status":"closed","template":"","tags":[],"portfolio_entries":[7],"_links":{"self":[{"href":"https:\/\/www.kohlundfrech.de\/index.php?rest_route=\/wp\/v2\/portfolio\/404"}],"collection":[{"href":"https:\/\/www.kohlundfrech.de\/index.php?rest_route=\/wp\/v2\/portfolio"}],"about":[{"href":"https:\/\/www.kohlundfrech.de\/index.php?rest_route=\/wp\/v2\/types\/portfolio"}],"replies":[{"embeddable":true,"href":"https:\/\/www.kohlundfrech.de\/index.php?rest_route=%2Fwp%2Fv2%2Fcomments&post=404"}],"version-history":[{"count":4,"href":"https:\/\/www.kohlundfrech.de\/index.php?rest_route=\/wp\/v2\/portfolio\/404\/revisions"}],"predecessor-version":[{"id":513,"href":"https:\/\/www.kohlundfrech.de\/index.php?rest_route=\/wp\/v2\/portfolio\/404\/revisions\/513"}],"wp:featuredmedia":[{"embeddable":true,"href":"https:\/\/www.kohlundfrech.de\/index.php?rest_route=\/wp\/v2\/media\/408"}],"wp:attachment":[{"href":"https:\/\/www.kohlundfrech.de\/index.php?rest_route=%2Fwp%2Fv2%2Fmedia&parent=404"}],"wp:term":[{"taxonomy":"post_tag","embeddable":true,"href":"https:\/\/www.kohlundfrech.de\/index.php?rest_route=%2Fwp%2Fv2%2Ftags&post=404"},{"taxonomy":"portfolio_entries","embeddable":true,"href":"https:\/\/www.kohlundfrech.de\/index.php?rest_route=%2Fwp%2Fv2%2Fportfolio_entries&post=404"}],"curies":[{"name":"wp","href":"https:\/\/api.w.org\/{rel}","templated":true}]}}

HOTEL UND LADENGESCHÄFTE “TOR ZUR PFALZ“, SPEYER

<div id='full_slider_1'  class='avia-fullwidth-slider main_color avia-shadow   avia-builder-el-0  el_before_av_section  avia-builder-el-first   container_wrap fullsize' style=' '  ><div   data-size='no scaling'  data-lightbox_size='large'  data-animation='slide'  data-conditional_play=''  data-ids='407'  data-video_counter='0'  data-autoplay='false'  data-bg_slider='false'  data-slide_height=''  data-handle='av_slideshow_full'  data-interval='5'  data-class=' '  data-el_id=''  data-css_id=''  data-scroll_down=''  data-control_layout='av-control-default'  data-custom_markup=''  data-perma_caption=''  data-autoplay_stopper=''  data-image_attachment=''  data-min_height='0px'  data-lazy_loading='disabled'  data-src=''  data-position='top left'  data-repeat='no-repeat'  data-attach='scroll'  data-stretch=''  class='avia-slideshow avia-slideshow-1  av-control-default av-default-height-applied avia-slideshow-no scaling av_slideshow_full   avia-slide-slider '  itemprop="image" itemscope="itemscope" itemtype="https://schema.org/ImageObject" ><ul class='avia-slideshow-inner ' style='padding-bottom: 54.533508541393%;' ><li  class=' av-single-slide slide-1 ' ><div data-rel='slideshow-1' class='avia-slide-wrap '   ><img class="wp-image-407 avia-img-lazy-loading-not-407"  src="https://www.kohlundfrech.de/wp-content/uploads/2019/05/Tor_zur_Pfalz_Big.jpg" width="1522" height="830" title='Tor_zur_Pfalz_Big' alt=''  itemprop="thumbnailUrl" srcset="https://www.kohlundfrech.de/wp-content/uploads/2019/05/Tor_zur_Pfalz_Big.jpg 1522w, https://www.kohlundfrech.de/wp-content/uploads/2019/05/Tor_zur_Pfalz_Big-275x150.jpg 275w, https://www.kohlundfrech.de/wp-content/uploads/2019/05/Tor_zur_Pfalz_Big-300x164.jpg 300w, https://www.kohlundfrech.de/wp-content/uploads/2019/05/Tor_zur_Pfalz_Big-768x419.jpg 768w, https://www.kohlundfrech.de/wp-content/uploads/2019/05/Tor_zur_Pfalz_Big-1030x562.jpg 1030w, https://www.kohlundfrech.de/wp-content/uploads/2019/05/Tor_zur_Pfalz_Big-1500x818.jpg 1500w, https://www.kohlundfrech.de/wp-content/uploads/2019/05/Tor_zur_Pfalz_Big-705x384.jpg 705w, https://www.kohlundfrech.de/wp-content/uploads/2019/05/Tor_zur_Pfalz_Big-450x245.jpg 450w" sizes="(max-width: 1522px) 100vw, 1522px" /></div></li></ul></div></div>
<div id='av_section_1'  class='avia-section main_color avia-section-default avia-no-border-styling  avia-bg-style-scroll  avia-builder-el-1  el_after_av_slideshow_full  avia-builder-el-last   container_wrap fullsize' style=' '  ><div class='container' ><div class='template-page content  av-content-full alpha units'><div class='post-entry post-entry-type-page post-entry-404'><div class='entry-content-wrapper clearfix'>
<div class="flex_column av_one_full  flex_column_div av-zero-column-padding first  avia-builder-el-2  avia-builder-el-no-sibling  " style='border-radius:0px; '><section class="av_textblock_section "  itemscope="itemscope" itemtype="https://schema.org/CreativeWork" ><div class='avia_textblock  '   itemprop="text" ><h2>HOTEL UND LADENGESCHÄFTE “TOR ZUR PFALZ“, SPEYER</h2>
</div></section><br />
<section class="av_textblock_section "  itemscope="itemscope" itemtype="https://schema.org/CreativeWork" ><div class='avia_textblock  '   itemprop="text" ><p><span style="color: #f07c00;"><strong>Projekt:</strong></span> Umbau des ehemaligen Gesundheitsamtes in Speyer zu einem Hotel und Ladengeschäften. Es handelt sich hier um den Umbau des ehemaligen Gesundheitsamtes zu einem Hotel- und Gastronomiebetrieb. Das äußere Erscheinungsbild des Gebäudes durfte durch den Umbau nicht verändert werden.</p>
<p><span style="color: #f07c00;"><strong>Bauherr:</strong></span> LBB Rheinland-Pfalz, Niederlassung Landau</p>
<p><span style="color: #f07c00;"><strong>Baujahr:</strong></span> 2008 bis 2012</p>
<p><span style="color: #f07c00;"><strong>Leistungen:</strong></span> Leistungsphasen 1-8 nach HOAI</p>
</div></section><br />
<section class="av_textblock_section kuf_textblock_section "  itemscope="itemscope" itemtype="https://schema.org/CreativeWork" ><div class='avia_textblock kuf_textblock  '   itemprop="text" ><div class="kuf_textblock_image_container"><img src="https://www.kohlundfrech.de/wp-content/uploads/2019/04/HEIZUNG_flaticonDE7621-OR-80x80.png" /></div><div class="kuf_textblock_text_container"><p>Komplett neue Heizungsinstallation, neue Gas-Brennwertgeräte für Raumheizung und Warmwasserbereitung, Beheizung der Räume durch Röhrenradiatoren</p>
</div></section><br />
<section class="av_textblock_section kuf_textblock_section "  itemscope="itemscope" itemtype="https://schema.org/CreativeWork" ><div class='avia_textblock kuf_textblock  '   itemprop="text" ><div class="kuf_textblock_image_container"><img src="https://www.kohlundfrech.de/wp-content/uploads/2019/04/LUEFTUNG_flaticonDE7621_OR-80x80.png" /></div><div class="kuf_textblock_text_container"><p>Lüftungsanlage mit Wärmerückgewinnung für alle Hotelzimmer einschl. Nasszellen Lüftungsanlage für Gastronomiebereich</p>
</div></section><br />
<section class="av_textblock_section kuf_textblock_section "  itemscope="itemscope" itemtype="https://schema.org/CreativeWork" ><div class='avia_textblock kuf_textblock  '   itemprop="text" ><div class="kuf_textblock_image_container"><img src="https://www.kohlundfrech.de/wp-content/uploads/2019/04/Sanitaer_flaticonDE7621_OR-80x80.png" /></div><div class="kuf_textblock_text_container"><p>Komplette Erneuerung der Sanitärinstallation einschließlich Hausanschluss und Grundleitungen innerhalb des Gebäudes, zentrale Warmwasserbereitung<br />
Nasszellen in 23 Hotelzimmern, WC-Anlagen und Kücheninstallation für den Gastronomiebereich</p>
</div></section><br />
<section class="av_textblock_section kuf_textblock_section "  itemscope="itemscope" itemtype="https://schema.org/CreativeWork" ><div class='avia_textblock kuf_textblock  '   itemprop="text" ><div class="kuf_textblock_image_container"><img src="https://www.kohlundfrech.de/wp-content/uploads/2019/04/ELEKTRO_flaticonDE7621_OR-300x300.png" /></div><div class="kuf_textblock_text_container"><p>Kernsanierung der kompletten Elektroinstallation unter Berücksichtigung der Belange des Denkmalschutzes und der Nutzung als künftiges Hotel, Neuinstallation der gesamten Stark- und Schwachstrominstallation inklusive Brandmeldeanlage nach DIN 14 675</p>
</div></section><br />
<div  class='avia-button-wrap avia-button-left  avia-builder-el-9  el_after_kuf_textblock  avia-builder-el-last ' ><a href='https://www.kohlundfrech.de/?page_id=260'  class='avia-button  avia-color-theme-color   avia-icon_select-yes-left-icon avia-size-medium avia-position-left '   ><span class='avia_button_icon avia_button_icon_left ' aria-hidden='true' data-av_icon='' data-av_iconfont='entypo-fontello'></span><span class='avia_iconbox_title' >Zurück</span></a></div></p></div>
