{"id":419,"date":"2019-05-09T10:23:38","date_gmt":"2019-05-09T08:23:38","guid":{"rendered":"https:\/\/www.kohlundfrech.de\/?post_type=portfolio&#038;p=419"},"modified":"2019-06-17T12:04:25","modified_gmt":"2019-06-17T10:04:25","slug":"kloster-oggersheim-ludwigshafen-oggersheim","status":"publish","type":"portfolio","link":"https:\/\/www.kohlundfrech.de\/?portfolio=kloster-oggersheim-ludwigshafen-oggersheim","title":{"rendered":"KLOSTER OGGERSHEIM, LUDWIGSHAFEN-OGGERSHEIM"},"content":{"rendered":"<div id='full_slider_1'  class='avia-fullwidth-slider main_color avia-shadow   avia-builder-el-0  el_before_av_section  avia-builder-el-first   container_wrap fullsize' style=' '  ><div   data-size='no scaling'  data-lightbox_size='large'  data-animation='slide'  data-conditional_play=''  data-ids='423'  data-video_counter='0'  data-autoplay='false'  data-bg_slider='false'  data-slide_height=''  data-handle='av_slideshow_full'  data-interval='5'  data-class=' '  data-el_id=''  data-css_id=''  data-scroll_down=''  data-control_layout='av-control-default'  data-custom_markup=''  data-perma_caption=''  data-autoplay_stopper=''  data-image_attachment=''  data-min_height='0px'  data-lazy_loading='disabled'  data-src=''  data-position='top left'  data-repeat='no-repeat'  data-attach='scroll'  data-stretch=''  class='avia-slideshow avia-slideshow-1  av-control-default av-default-height-applied avia-slideshow-no scaling av_slideshow_full   avia-slide-slider '  itemprop=\"image\" itemscope=\"itemscope\" itemtype=\"https:\/\/schema.org\/ImageObject\" ><ul class='avia-slideshow-inner ' style='padding-bottom: 54.533508541393%;' ><li  class=' av-single-slide slide-1 ' ><div data-rel='slideshow-1' class='avia-slide-wrap '   ><img class=\"wp-image-423 avia-img-lazy-loading-not-423\"  src=\"https:\/\/www.kohlundfrech.de\/wp-content\/uploads\/2019\/05\/Kloster_Oggersheim_Big.jpg\" width=\"1522\" height=\"830\" title='Kloster_Oggersheim_Big' alt=''  itemprop=\"thumbnailUrl\" srcset=\"https:\/\/www.kohlundfrech.de\/wp-content\/uploads\/2019\/05\/Kloster_Oggersheim_Big.jpg 1522w, https:\/\/www.kohlundfrech.de\/wp-content\/uploads\/2019\/05\/Kloster_Oggersheim_Big-275x150.jpg 275w, https:\/\/www.kohlundfrech.de\/wp-content\/uploads\/2019\/05\/Kloster_Oggersheim_Big-300x164.jpg 300w, https:\/\/www.kohlundfrech.de\/wp-content\/uploads\/2019\/05\/Kloster_Oggersheim_Big-768x419.jpg 768w, https:\/\/www.kohlundfrech.de\/wp-content\/uploads\/2019\/05\/Kloster_Oggersheim_Big-1030x562.jpg 1030w, https:\/\/www.kohlundfrech.de\/wp-content\/uploads\/2019\/05\/Kloster_Oggersheim_Big-1500x818.jpg 1500w, https:\/\/www.kohlundfrech.de\/wp-content\/uploads\/2019\/05\/Kloster_Oggersheim_Big-705x384.jpg 705w, https:\/\/www.kohlundfrech.de\/wp-content\/uploads\/2019\/05\/Kloster_Oggersheim_Big-450x245.jpg 450w\" sizes=\"(max-width: 1522px) 100vw, 1522px\" \/><\/div><\/li><\/ul><\/div><\/div>\n<div id='av_section_1'  class='avia-section main_color avia-section-default avia-no-border-styling  avia-bg-style-scroll  avia-builder-el-1  el_after_av_slideshow_full  avia-builder-el-last   container_wrap fullsize' style=' '  ><div class='container' ><div class='template-page content  av-content-full alpha units'><div class='post-entry post-entry-type-page post-entry-419'><div class='entry-content-wrapper clearfix'>\n<div class=\"flex_column av_one_full  flex_column_div av-zero-column-padding first  avia-builder-el-2  avia-builder-el-no-sibling  \" style='border-radius:0px; '><section class=\"av_textblock_section \"  itemscope=\"itemscope\" itemtype=\"https:\/\/schema.org\/CreativeWork\" ><div class='avia_textblock  '   itemprop=\"text\" ><h2>KLOSTER OGGERSHEIM,\u00a0LUDWIGSHAFEN-OGGERSHEIM<\/h2>\n<\/div><\/section><br \/>\n<section class=\"av_textblock_section \"  itemscope=\"itemscope\" itemtype=\"https:\/\/schema.org\/CreativeWork\" ><div class='avia_textblock  '   itemprop=\"text\" ><p><span style=\"color: #f07c00;\"><strong>Projekt:<\/strong><\/span> Das unter Denkmalschutz stehende Klostergeb\u00e4ude im Herzen von Ludwigshafen-Oggersheim (Baujahr 1761) wurde innen substanzschonend instandgesetzt und haustechnisch\u00a0komplett modernisiert. Anbauten aus den 1950er Jahren wurden abgerissen, ein neues\u00a0Treppenhaus integriert und das ganze Geb\u00e4ude brandschutztechnisch ert\u00fcchtigt.<br \/>\nDas Erdgeschoss beherbergt die \u00f6ffentlich zug\u00e4ngliche Herz-Jesu-Kapelle, Gespr\u00e4chsr\u00e4ume und\u00a0das Refektorium. Im Obergeschoss befinden sich die neu ausgestatteten Klausurzellen der\u00a0Franziskaner-Minoriten.<\/p>\n<p><span style=\"color: #f07c00;\"><strong>Bauherr:<\/strong><\/span> Bistum Speyer<\/p>\n<p><span style=\"color: #f07c00;\"><strong>Baujahr:<\/strong><\/span> 2016 bis 2018<\/p>\n<p><span style=\"color: #f07c00;\"><strong>Leistungen:<\/strong><\/span> Leistungsphasen 1-9 nach HOAI<\/p>\n<\/div><\/section><br \/>\n<section class=\"av_textblock_section kuf_textblock_section \"  itemscope=\"itemscope\" itemtype=\"https:\/\/schema.org\/CreativeWork\" ><div class='avia_textblock kuf_textblock  '   itemprop=\"text\" ><div class=\"kuf_textblock_image_container\"><img src=\"https:\/\/www.kohlundfrech.de\/wp-content\/uploads\/2019\/04\/HEIZUNG_flaticonDE7621-OR-80x80.png\" \/><\/div><div class=\"kuf_textblock_text_container\"><p>Komplett neue Heizungsinstallation mit Gasbrennwerttherme, Beheizung der R\u00e4ume durch\u00a0R\u00f6hrenradiatoren<\/p>\n<\/div><\/section><br \/>\n<section class=\"av_textblock_section kuf_textblock_section \"  itemscope=\"itemscope\" itemtype=\"https:\/\/schema.org\/CreativeWork\" ><div class='avia_textblock kuf_textblock  '   itemprop=\"text\" ><div class=\"kuf_textblock_image_container\"><img src=\"https:\/\/www.kohlundfrech.de\/wp-content\/uploads\/2019\/04\/LUEFTUNG_flaticonDE7621_OR-80x80.png\" \/><\/div><div class=\"kuf_textblock_text_container\"><p>Dezentrale L\u00fcftungsanlagen in den Sanit\u00e4rbereichen<\/p>\n<\/div><\/section><br \/>\n<section class=\"av_textblock_section kuf_textblock_section \"  itemscope=\"itemscope\" itemtype=\"https:\/\/schema.org\/CreativeWork\" ><div class='avia_textblock kuf_textblock  '   itemprop=\"text\" ><div class=\"kuf_textblock_image_container\"><img src=\"https:\/\/www.kohlundfrech.de\/wp-content\/uploads\/2019\/04\/Sanitaer_flaticonDE7621_OR-80x80.png\" \/><\/div><div class=\"kuf_textblock_text_container\"><p>Komplette Erneuerung der Sanit\u00e4rinstallation einschlie\u00dflich Hausanschluss und Grundleitungen,\u00a0Zentrale und dezentrale Warmwasserbereitung<\/p>\n<\/div><\/section><br \/>\n<section class=\"av_textblock_section kuf_textblock_section \"  itemscope=\"itemscope\" itemtype=\"https:\/\/schema.org\/CreativeWork\" ><div class='avia_textblock kuf_textblock  '   itemprop=\"text\" ><div class=\"kuf_textblock_image_container\"><img src=\"https:\/\/www.kohlundfrech.de\/wp-content\/uploads\/2019\/04\/ELEKTRO_flaticonDE7621_OR-300x300.png\" \/><\/div><div class=\"kuf_textblock_text_container\"><p>Demontage der vorhandenen Elektroinstallation bis zum Hausanschluss, Neumontage der\u00a0gesamten Stark- und Schwachstromtechnik unter Ber\u00fccksichtigung der Belange des Nutzers und\u00a0brandschutztechnischen Auflagen<\/p>\n<\/div><\/section><br \/>\n<div  class='avia-button-wrap avia-button-left  avia-builder-el-9  el_after_kuf_textblock  avia-builder-el-last ' ><a href='https:\/\/www.kohlundfrech.de\/?page_id=260'  class='avia-button  avia-color-theme-color   avia-icon_select-yes-left-icon avia-size-medium avia-position-left '   ><span class='avia_button_icon avia_button_icon_left ' aria-hidden='true' data-av_icon='\ue830' data-av_iconfont='entypo-fontello'><\/span><span class='avia_iconbox_title' >Zur\u00fcck<\/span><\/a><\/div><\/p><\/div>\n","protected":false},"excerpt":{"rendered":"","protected":false},"featured_media":420,"comment_status":"open","ping_status":"closed","template":"","tags":[],"portfolio_entries":[7],"_links":{"self":[{"href":"https:\/\/www.kohlundfrech.de\/index.php?rest_route=\/wp\/v2\/portfolio\/419"}],"collection":[{"href":"https:\/\/www.kohlundfrech.de\/index.php?rest_route=\/wp\/v2\/portfolio"}],"about":[{"href":"https:\/\/www.kohlundfrech.de\/index.php?rest_route=\/wp\/v2\/types\/portfolio"}],"replies":[{"embeddable":true,"href":"https:\/\/www.kohlundfrech.de\/index.php?rest_route=%2Fwp%2Fv2%2Fcomments&post=419"}],"version-history":[{"count":4,"href":"https:\/\/www.kohlundfrech.de\/index.php?rest_route=\/wp\/v2\/portfolio\/419\/revisions"}],"predecessor-version":[{"id":557,"href":"https:\/\/www.kohlundfrech.de\/index.php?rest_route=\/wp\/v2\/portfolio\/419\/revisions\/557"}],"wp:featuredmedia":[{"embeddable":true,"href":"https:\/\/www.kohlundfrech.de\/index.php?rest_route=\/wp\/v2\/media\/420"}],"wp:attachment":[{"href":"https:\/\/www.kohlundfrech.de\/index.php?rest_route=%2Fwp%2Fv2%2Fmedia&parent=419"}],"wp:term":[{"taxonomy":"post_tag","embeddable":true,"href":"https:\/\/www.kohlundfrech.de\/index.php?rest_route=%2Fwp%2Fv2%2Ftags&post=419"},{"taxonomy":"portfolio_entries","embeddable":true,"href":"https:\/\/www.kohlundfrech.de\/index.php?rest_route=%2Fwp%2Fv2%2Fportfolio_entries&post=419"}],"curies":[{"name":"wp","href":"https:\/\/api.w.org\/{rel}","templated":true}]}}

<div id='full_slider_1'  class='avia-fullwidth-slider main_color avia-shadow   avia-builder-el-0  el_before_av_section  avia-builder-el-first   container_wrap fullsize' style=' '  ><div   data-size='no scaling'  data-lightbox_size='large'  data-animation='slide'  data-conditional_play=''  data-ids='423'  data-video_counter='0'  data-autoplay='false'  data-bg_slider='false'  data-slide_height=''  data-handle='av_slideshow_full'  data-interval='5'  data-class=' '  data-el_id=''  data-css_id=''  data-scroll_down=''  data-control_layout='av-control-default'  data-custom_markup=''  data-perma_caption=''  data-autoplay_stopper=''  data-image_attachment=''  data-min_height='0px'  data-lazy_loading='disabled'  data-src=''  data-position='top left'  data-repeat='no-repeat'  data-attach='scroll'  data-stretch=''  class='avia-slideshow avia-slideshow-1  av-control-default av-default-height-applied avia-slideshow-no scaling av_slideshow_full   avia-slide-slider '  itemprop="image" itemscope="itemscope" itemtype="https://schema.org/ImageObject" ><ul class='avia-slideshow-inner ' style='padding-bottom: 54.533508541393%;' ><li  class=' av-single-slide slide-1 ' ><div data-rel='slideshow-1' class='avia-slide-wrap '   ><img class="wp-image-423 avia-img-lazy-loading-not-423"  src="https://www.kohlundfrech.de/wp-content/uploads/2019/05/Kloster_Oggersheim_Big.jpg" width="1522" height="830" title='Kloster_Oggersheim_Big' alt=''  itemprop="thumbnailUrl" srcset="https://www.kohlundfrech.de/wp-content/uploads/2019/05/Kloster_Oggersheim_Big.jpg 1522w, https://www.kohlundfrech.de/wp-content/uploads/2019/05/Kloster_Oggersheim_Big-275x150.jpg 275w, https://www.kohlundfrech.de/wp-content/uploads/2019/05/Kloster_Oggersheim_Big-300x164.jpg 300w, https://www.kohlundfrech.de/wp-content/uploads/2019/05/Kloster_Oggersheim_Big-768x419.jpg 768w, https://www.kohlundfrech.de/wp-content/uploads/2019/05/Kloster_Oggersheim_Big-1030x562.jpg 1030w, https://www.kohlundfrech.de/wp-content/uploads/2019/05/Kloster_Oggersheim_Big-1500x818.jpg 1500w, https://www.kohlundfrech.de/wp-content/uploads/2019/05/Kloster_Oggersheim_Big-705x384.jpg 705w, https://www.kohlundfrech.de/wp-content/uploads/2019/05/Kloster_Oggersheim_Big-450x245.jpg 450w" sizes="(max-width: 1522px) 100vw, 1522px" /></div></li></ul></div></div>
<div id='av_section_1'  class='avia-section main_color avia-section-default avia-no-border-styling  avia-bg-style-scroll  avia-builder-el-1  el_after_av_slideshow_full  avia-builder-el-last   container_wrap fullsize' style=' '  ><div class='container' ><div class='template-page content  av-content-full alpha units'><div class='post-entry post-entry-type-page post-entry-419'><div class='entry-content-wrapper clearfix'>
<div class="flex_column av_one_full  flex_column_div av-zero-column-padding first  avia-builder-el-2  avia-builder-el-no-sibling  " style='border-radius:0px; '><section class="av_textblock_section "  itemscope="itemscope" itemtype="https://schema.org/CreativeWork" ><div class='avia_textblock  '   itemprop="text" ><h2>KLOSTER OGGERSHEIM, LUDWIGSHAFEN-OGGERSHEIM</h2>
</div></section><br />
<section class="av_textblock_section "  itemscope="itemscope" itemtype="https://schema.org/CreativeWork" ><div class='avia_textblock  '   itemprop="text" ><p><span style="color: #f07c00;"><strong>Projekt:</strong></span> Das unter Denkmalschutz stehende Klostergebäude im Herzen von Ludwigshafen-Oggersheim (Baujahr 1761) wurde innen substanzschonend instandgesetzt und haustechnisch komplett modernisiert. Anbauten aus den 1950er Jahren wurden abgerissen, ein neues Treppenhaus integriert und das ganze Gebäude brandschutztechnisch ertüchtigt.<br />
Das Erdgeschoss beherbergt die öffentlich zugängliche Herz-Jesu-Kapelle, Gesprächsräume und das Refektorium. Im Obergeschoss befinden sich die neu ausgestatteten Klausurzellen der Franziskaner-Minoriten.</p>
<p><span style="color: #f07c00;"><strong>Bauherr:</strong></span> Bistum Speyer</p>
<p><span style="color: #f07c00;"><strong>Baujahr:</strong></span> 2016 bis 2018</p>
<p><span style="color: #f07c00;"><strong>Leistungen:</strong></span> Leistungsphasen 1-9 nach HOAI</p>
</div></section><br />
<section class="av_textblock_section kuf_textblock_section "  itemscope="itemscope" itemtype="https://schema.org/CreativeWork" ><div class='avia_textblock kuf_textblock  '   itemprop="text" ><div class="kuf_textblock_image_container"><img src="https://www.kohlundfrech.de/wp-content/uploads/2019/04/HEIZUNG_flaticonDE7621-OR-80x80.png" /></div><div class="kuf_textblock_text_container"><p>Komplett neue Heizungsinstallation mit Gasbrennwerttherme, Beheizung der Räume durch Röhrenradiatoren</p>
</div></section><br />
<section class="av_textblock_section kuf_textblock_section "  itemscope="itemscope" itemtype="https://schema.org/CreativeWork" ><div class='avia_textblock kuf_textblock  '   itemprop="text" ><div class="kuf_textblock_image_container"><img src="https://www.kohlundfrech.de/wp-content/uploads/2019/04/LUEFTUNG_flaticonDE7621_OR-80x80.png" /></div><div class="kuf_textblock_text_container"><p>Dezentrale Lüftungsanlagen in den Sanitärbereichen</p>
</div></section><br />
<section class="av_textblock_section kuf_textblock_section "  itemscope="itemscope" itemtype="https://schema.org/CreativeWork" ><div class='avia_textblock kuf_textblock  '   itemprop="text" ><div class="kuf_textblock_image_container"><img src="https://www.kohlundfrech.de/wp-content/uploads/2019/04/Sanitaer_flaticonDE7621_OR-80x80.png" /></div><div class="kuf_textblock_text_container"><p>Komplette Erneuerung der Sanitärinstallation einschließlich Hausanschluss und Grundleitungen, Zentrale und dezentrale Warmwasserbereitung</p>
</div></section><br />
<section class="av_textblock_section kuf_textblock_section "  itemscope="itemscope" itemtype="https://schema.org/CreativeWork" ><div class='avia_textblock kuf_textblock  '   itemprop="text" ><div class="kuf_textblock_image_container"><img src="https://www.kohlundfrech.de/wp-content/uploads/2019/04/ELEKTRO_flaticonDE7621_OR-300x300.png" /></div><div class="kuf_textblock_text_container"><p>Demontage der vorhandenen Elektroinstallation bis zum Hausanschluss, Neumontage der gesamten Stark- und Schwachstromtechnik unter Berücksichtigung der Belange des Nutzers und brandschutztechnischen Auflagen</p>
</div></section><br />
<div  class='avia-button-wrap avia-button-left  avia-builder-el-9  el_after_kuf_textblock  avia-builder-el-last ' ><a href='https://www.kohlundfrech.de/?page_id=260'  class='avia-button  avia-color-theme-color   avia-icon_select-yes-left-icon avia-size-medium avia-position-left '   ><span class='avia_button_icon avia_button_icon_left ' aria-hidden='true' data-av_icon='' data-av_iconfont='entypo-fontello'></span><span class='avia_iconbox_title' >Zurück</span></a></div></p></div>
