{"id":438,"date":"2019-05-09T11:57:40","date_gmt":"2019-05-09T09:57:40","guid":{"rendered":"https:\/\/www.kohlundfrech.de\/?post_type=portfolio&#038;p=438"},"modified":"2019-05-22T14:00:21","modified_gmt":"2019-05-22T12:00:21","slug":"438","status":"publish","type":"portfolio","link":"https:\/\/www.kohlundfrech.de\/?portfolio=438","title":{"rendered":"LANDESGARTENSCHAU LANDAU, GEB\u00c4UDE 12"},"content":{"rendered":"<div id='full_slider_1'  class='avia-fullwidth-slider main_color avia-shadow   avia-builder-el-0  el_before_av_section  avia-builder-el-first   container_wrap fullsize' style=' '  ><div   data-size='no scaling'  data-lightbox_size='large'  data-animation='slide'  data-conditional_play=''  data-ids='442'  data-video_counter='0'  data-autoplay='false'  data-bg_slider='false'  data-slide_height=''  data-handle='av_slideshow_full'  data-interval='5'  data-class=' '  data-el_id=''  data-css_id=''  data-scroll_down=''  data-control_layout='av-control-default'  data-custom_markup=''  data-perma_caption=''  data-autoplay_stopper=''  data-image_attachment=''  data-min_height='0px'  data-lazy_loading='disabled'  data-src=''  data-position='top left'  data-repeat='no-repeat'  data-attach='scroll'  data-stretch=''  class='avia-slideshow avia-slideshow-1  av-control-default av-default-height-applied avia-slideshow-no scaling av_slideshow_full   avia-slide-slider '  itemprop=\"image\" itemscope=\"itemscope\" itemtype=\"https:\/\/schema.org\/ImageObject\" ><ul class='avia-slideshow-inner ' style='padding-bottom: 54.599211563732%;' ><li  class=' av-single-slide slide-1 ' ><div data-rel='slideshow-1' class='avia-slide-wrap '   ><img class=\"wp-image-442 avia-img-lazy-loading-not-442\"  src=\"https:\/\/www.kohlundfrech.de\/wp-content\/uploads\/2019\/05\/Geba\u0308ude12_Big.jpg\" width=\"1522\" height=\"831\" title='Geba\u0308ude12_Big' alt=''  itemprop=\"thumbnailUrl\" srcset=\"https:\/\/www.kohlundfrech.de\/wp-content\/uploads\/2019\/05\/Geba\u0308ude12_Big.jpg 1522w, https:\/\/www.kohlundfrech.de\/wp-content\/uploads\/2019\/05\/Geba\u0308ude12_Big-275x150.jpg 275w, https:\/\/www.kohlundfrech.de\/wp-content\/uploads\/2019\/05\/Geba\u0308ude12_Big-300x164.jpg 300w, https:\/\/www.kohlundfrech.de\/wp-content\/uploads\/2019\/05\/Geba\u0308ude12_Big-768x419.jpg 768w, https:\/\/www.kohlundfrech.de\/wp-content\/uploads\/2019\/05\/Geba\u0308ude12_Big-1030x562.jpg 1030w, https:\/\/www.kohlundfrech.de\/wp-content\/uploads\/2019\/05\/Geba\u0308ude12_Big-1500x819.jpg 1500w, https:\/\/www.kohlundfrech.de\/wp-content\/uploads\/2019\/05\/Geba\u0308ude12_Big-705x385.jpg 705w, https:\/\/www.kohlundfrech.de\/wp-content\/uploads\/2019\/05\/Geba\u0308ude12_Big-450x246.jpg 450w\" sizes=\"(max-width: 1522px) 100vw, 1522px\" \/><\/div><\/li><\/ul><\/div><\/div>\n<div id='av_section_1'  class='avia-section main_color avia-section-default avia-no-border-styling  avia-bg-style-scroll  avia-builder-el-1  el_after_av_slideshow_full  avia-builder-el-last   container_wrap fullsize' style=' '  ><div class='container' ><div class='template-page content  av-content-full alpha units'><div class='post-entry post-entry-type-page post-entry-438'><div class='entry-content-wrapper clearfix'>\n<div class=\"flex_column av_one_full  flex_column_div av-zero-column-padding first  avia-builder-el-2  avia-builder-el-no-sibling  \" style='border-radius:0px; '><section class=\"av_textblock_section \"  itemscope=\"itemscope\" itemtype=\"https:\/\/schema.org\/CreativeWork\" ><div class='avia_textblock  '   itemprop=\"text\" ><h2>LANDESGARTENSCHAU LANDAU,\u00a0GEB\u00c4UDE 12<\/h2>\n<\/div><\/section><br \/>\n<section class=\"av_textblock_section \"  itemscope=\"itemscope\" itemtype=\"https:\/\/schema.org\/CreativeWork\" ><div class='avia_textblock  '   itemprop=\"text\" ><p><span style=\"color: #f07c00;\"><strong>Projekt:<\/strong><\/span> Sanierung Geb\u00e4ude 12, Landesgartenschau Landau<\/p>\n<p><span style=\"color: #f07c00;\"><strong>Bauherr:<\/strong><\/span> Entsorgungs- und Wirtschaftsbetrieb Landau<\/p>\n<p><span style=\"color: #f07c00;\"><strong>Baujahr:<\/strong><\/span> 2011 bis 2013<\/p>\n<p><span style=\"color: #f07c00;\"><strong>Leistungen:<\/strong><\/span> Leistungsphasen 1-3, 5-9 nach HOAI; ENEV-Nachweis<\/p>\n<\/div><\/section><br \/>\n<section class=\"av_textblock_section kuf_textblock_section \"  itemscope=\"itemscope\" itemtype=\"https:\/\/schema.org\/CreativeWork\" ><div class='avia_textblock kuf_textblock  '   itemprop=\"text\" ><div class=\"kuf_textblock_image_container\"><img src=\"https:\/\/www.kohlundfrech.de\/wp-content\/uploads\/2019\/04\/HEIZUNG_flaticonDE7621-OR-80x80.png\" \/><\/div><div class=\"kuf_textblock_text_container\"><p>Anschluss an Fernw\u00e4rmeversorgung, Beheizung \u00fcber Heizk\u00f6rper<\/p>\n<\/div><\/section><br \/>\n<section class=\"av_textblock_section kuf_textblock_section \"  itemscope=\"itemscope\" itemtype=\"https:\/\/schema.org\/CreativeWork\" ><div class='avia_textblock kuf_textblock  '   itemprop=\"text\" ><div class=\"kuf_textblock_image_container\"><img src=\"https:\/\/www.kohlundfrech.de\/wp-content\/uploads\/2019\/04\/LUEFTUNG_flaticonDE7621_OR-80x80.png\" \/><\/div><div class=\"kuf_textblock_text_container\"><p>L\u00fcftung mit W\u00e4rmer\u00fcckgewinnung f\u00fcr WC-Bereiche<\/p>\n<\/div><\/section><br \/>\n<section class=\"av_textblock_section kuf_textblock_section \"  itemscope=\"itemscope\" itemtype=\"https:\/\/schema.org\/CreativeWork\" ><div class='avia_textblock kuf_textblock  '   itemprop=\"text\" ><div class=\"kuf_textblock_image_container\"><img src=\"https:\/\/www.kohlundfrech.de\/wp-content\/uploads\/2019\/04\/Sanitaer_flaticonDE7621_OR-80x80.png\" \/><\/div><div class=\"kuf_textblock_text_container\"><p>Komplette Neuinstallation der WC-Bereiche und Teek\u00fcchen<\/p>\n<\/div><\/section><br \/>\n<section class=\"av_textblock_section kuf_textblock_section \"  itemscope=\"itemscope\" itemtype=\"https:\/\/schema.org\/CreativeWork\" ><div class='avia_textblock kuf_textblock  '   itemprop=\"text\" ><div class=\"kuf_textblock_image_container\"><img src=\"https:\/\/www.kohlundfrech.de\/wp-content\/uploads\/2019\/04\/ELEKTRO_flaticonDE7621_OR-300x300.png\" \/><\/div><div class=\"kuf_textblock_text_container\"><p>Komplette Neuinstallation<\/p>\n<\/div><\/section><br \/>\n<section class=\"av_textblock_section kuf_textblock_section \"  itemscope=\"itemscope\" itemtype=\"https:\/\/schema.org\/CreativeWork\" ><div class='avia_textblock kuf_textblock  '   itemprop=\"text\" ><div class=\"kuf_textblock_image_container\"><img src=\"https:\/\/www.kohlundfrech.de\/wp-content\/uploads\/2019\/04\/Geba\u0308udeautomation_flaticon_DE7621_OR-80x80.png\" \/><\/div><div class=\"kuf_textblock_text_container\"><p>Aufbau eines strukturierten Datennetzes zur gemeinsamen Nutzung von EDV und Telefonie\u00a0inklusive Anbindung an das \u00f6ffentliche Netz mittels Glasfaserverkabelung<\/p>\n<\/div><\/section><br \/>\n<section class=\"av_textblock_section kuf_textblock_section \"  itemscope=\"itemscope\" itemtype=\"https:\/\/schema.org\/CreativeWork\" ><div class='avia_textblock kuf_textblock  '   itemprop=\"text\" ><div class=\"kuf_textblock_image_container\"><img src=\"https:\/\/www.kohlundfrech.de\/wp-content\/uploads\/2019\/04\/Aufzug-flaticonDE7621_OR-300x300.png\" \/><\/div><div class=\"kuf_textblock_text_container\"><p>Einbau eines Fahrstuhls mit behindertengerechter Ausstattung<\/p>\n<\/div><\/section><br \/>\n<div  class='avia-button-wrap avia-button-left  avia-builder-el-11  el_after_kuf_textblock  avia-builder-el-last ' ><a href='https:\/\/www.kohlundfrech.de\/?page_id=263'  class='avia-button  avia-color-theme-color   avia-icon_select-yes-left-icon avia-size-medium avia-position-left '   ><span class='avia_button_icon avia_button_icon_left ' aria-hidden='true' data-av_icon='\ue830' data-av_iconfont='entypo-fontello'><\/span><span class='avia_iconbox_title' >Zur\u00fcck<\/span><\/a><\/div><\/p><\/div>\n","protected":false},"excerpt":{"rendered":"","protected":false},"featured_media":439,"comment_status":"open","ping_status":"closed","template":"","tags":[],"portfolio_entries":[8],"_links":{"self":[{"href":"https:\/\/www.kohlundfrech.de\/index.php?rest_route=\/wp\/v2\/portfolio\/438"}],"collection":[{"href":"https:\/\/www.kohlundfrech.de\/index.php?rest_route=\/wp\/v2\/portfolio"}],"about":[{"href":"https:\/\/www.kohlundfrech.de\/index.php?rest_route=\/wp\/v2\/types\/portfolio"}],"replies":[{"embeddable":true,"href":"https:\/\/www.kohlundfrech.de\/index.php?rest_route=%2Fwp%2Fv2%2Fcomments&post=438"}],"version-history":[{"count":4,"href":"https:\/\/www.kohlundfrech.de\/index.php?rest_route=\/wp\/v2\/portfolio\/438\/revisions"}],"predecessor-version":[{"id":509,"href":"https:\/\/www.kohlundfrech.de\/index.php?rest_route=\/wp\/v2\/portfolio\/438\/revisions\/509"}],"wp:featuredmedia":[{"embeddable":true,"href":"https:\/\/www.kohlundfrech.de\/index.php?rest_route=\/wp\/v2\/media\/439"}],"wp:attachment":[{"href":"https:\/\/www.kohlundfrech.de\/index.php?rest_route=%2Fwp%2Fv2%2Fmedia&parent=438"}],"wp:term":[{"taxonomy":"post_tag","embeddable":true,"href":"https:\/\/www.kohlundfrech.de\/index.php?rest_route=%2Fwp%2Fv2%2Ftags&post=438"},{"taxonomy":"portfolio_entries","embeddable":true,"href":"https:\/\/www.kohlundfrech.de\/index.php?rest_route=%2Fwp%2Fv2%2Fportfolio_entries&post=438"}],"curies":[{"name":"wp","href":"https:\/\/api.w.org\/{rel}","templated":true}]}}

LANDESGARTENSCHAU LANDAU, GEBÄUDE 12

<div id='full_slider_1'  class='avia-fullwidth-slider main_color avia-shadow   avia-builder-el-0  el_before_av_section  avia-builder-el-first   container_wrap fullsize' style=' '  ><div   data-size='no scaling'  data-lightbox_size='large'  data-animation='slide'  data-conditional_play=''  data-ids='442'  data-video_counter='0'  data-autoplay='false'  data-bg_slider='false'  data-slide_height=''  data-handle='av_slideshow_full'  data-interval='5'  data-class=' '  data-el_id=''  data-css_id=''  data-scroll_down=''  data-control_layout='av-control-default'  data-custom_markup=''  data-perma_caption=''  data-autoplay_stopper=''  data-image_attachment=''  data-min_height='0px'  data-lazy_loading='disabled'  data-src=''  data-position='top left'  data-repeat='no-repeat'  data-attach='scroll'  data-stretch=''  class='avia-slideshow avia-slideshow-1  av-control-default av-default-height-applied avia-slideshow-no scaling av_slideshow_full   avia-slide-slider '  itemprop="image" itemscope="itemscope" itemtype="https://schema.org/ImageObject" ><ul class='avia-slideshow-inner ' style='padding-bottom: 54.599211563732%;' ><li  class=' av-single-slide slide-1 ' ><div data-rel='slideshow-1' class='avia-slide-wrap '   ><img class="wp-image-442 avia-img-lazy-loading-not-442"  src="https://www.kohlundfrech.de/wp-content/uploads/2019/05/Gebäude12_Big.jpg" width="1522" height="831" title='Gebäude12_Big' alt=''  itemprop="thumbnailUrl" srcset="https://www.kohlundfrech.de/wp-content/uploads/2019/05/Gebäude12_Big.jpg 1522w, https://www.kohlundfrech.de/wp-content/uploads/2019/05/Gebäude12_Big-275x150.jpg 275w, https://www.kohlundfrech.de/wp-content/uploads/2019/05/Gebäude12_Big-300x164.jpg 300w, https://www.kohlundfrech.de/wp-content/uploads/2019/05/Gebäude12_Big-768x419.jpg 768w, https://www.kohlundfrech.de/wp-content/uploads/2019/05/Gebäude12_Big-1030x562.jpg 1030w, https://www.kohlundfrech.de/wp-content/uploads/2019/05/Gebäude12_Big-1500x819.jpg 1500w, https://www.kohlundfrech.de/wp-content/uploads/2019/05/Gebäude12_Big-705x385.jpg 705w, https://www.kohlundfrech.de/wp-content/uploads/2019/05/Gebäude12_Big-450x246.jpg 450w" sizes="(max-width: 1522px) 100vw, 1522px" /></div></li></ul></div></div>
<div id='av_section_1'  class='avia-section main_color avia-section-default avia-no-border-styling  avia-bg-style-scroll  avia-builder-el-1  el_after_av_slideshow_full  avia-builder-el-last   container_wrap fullsize' style=' '  ><div class='container' ><div class='template-page content  av-content-full alpha units'><div class='post-entry post-entry-type-page post-entry-438'><div class='entry-content-wrapper clearfix'>
<div class="flex_column av_one_full  flex_column_div av-zero-column-padding first  avia-builder-el-2  avia-builder-el-no-sibling  " style='border-radius:0px; '><section class="av_textblock_section "  itemscope="itemscope" itemtype="https://schema.org/CreativeWork" ><div class='avia_textblock  '   itemprop="text" ><h2>LANDESGARTENSCHAU LANDAU, GEBÄUDE 12</h2>
</div></section><br />
<section class="av_textblock_section "  itemscope="itemscope" itemtype="https://schema.org/CreativeWork" ><div class='avia_textblock  '   itemprop="text" ><p><span style="color: #f07c00;"><strong>Projekt:</strong></span> Sanierung Gebäude 12, Landesgartenschau Landau</p>
<p><span style="color: #f07c00;"><strong>Bauherr:</strong></span> Entsorgungs- und Wirtschaftsbetrieb Landau</p>
<p><span style="color: #f07c00;"><strong>Baujahr:</strong></span> 2011 bis 2013</p>
<p><span style="color: #f07c00;"><strong>Leistungen:</strong></span> Leistungsphasen 1-3, 5-9 nach HOAI; ENEV-Nachweis</p>
</div></section><br />
<section class="av_textblock_section kuf_textblock_section "  itemscope="itemscope" itemtype="https://schema.org/CreativeWork" ><div class='avia_textblock kuf_textblock  '   itemprop="text" ><div class="kuf_textblock_image_container"><img src="https://www.kohlundfrech.de/wp-content/uploads/2019/04/HEIZUNG_flaticonDE7621-OR-80x80.png" /></div><div class="kuf_textblock_text_container"><p>Anschluss an Fernwärmeversorgung, Beheizung über Heizkörper</p>
</div></section><br />
<section class="av_textblock_section kuf_textblock_section "  itemscope="itemscope" itemtype="https://schema.org/CreativeWork" ><div class='avia_textblock kuf_textblock  '   itemprop="text" ><div class="kuf_textblock_image_container"><img src="https://www.kohlundfrech.de/wp-content/uploads/2019/04/LUEFTUNG_flaticonDE7621_OR-80x80.png" /></div><div class="kuf_textblock_text_container"><p>Lüftung mit Wärmerückgewinnung für WC-Bereiche</p>
</div></section><br />
<section class="av_textblock_section kuf_textblock_section "  itemscope="itemscope" itemtype="https://schema.org/CreativeWork" ><div class='avia_textblock kuf_textblock  '   itemprop="text" ><div class="kuf_textblock_image_container"><img src="https://www.kohlundfrech.de/wp-content/uploads/2019/04/Sanitaer_flaticonDE7621_OR-80x80.png" /></div><div class="kuf_textblock_text_container"><p>Komplette Neuinstallation der WC-Bereiche und Teeküchen</p>
</div></section><br />
<section class="av_textblock_section kuf_textblock_section "  itemscope="itemscope" itemtype="https://schema.org/CreativeWork" ><div class='avia_textblock kuf_textblock  '   itemprop="text" ><div class="kuf_textblock_image_container"><img src="https://www.kohlundfrech.de/wp-content/uploads/2019/04/ELEKTRO_flaticonDE7621_OR-300x300.png" /></div><div class="kuf_textblock_text_container"><p>Komplette Neuinstallation</p>
</div></section><br />
<section class="av_textblock_section kuf_textblock_section "  itemscope="itemscope" itemtype="https://schema.org/CreativeWork" ><div class='avia_textblock kuf_textblock  '   itemprop="text" ><div class="kuf_textblock_image_container"><img src="https://www.kohlundfrech.de/wp-content/uploads/2019/04/Gebäudeautomation_flaticon_DE7621_OR-80x80.png" /></div><div class="kuf_textblock_text_container"><p>Aufbau eines strukturierten Datennetzes zur gemeinsamen Nutzung von EDV und Telefonie inklusive Anbindung an das öffentliche Netz mittels Glasfaserverkabelung</p>
</div></section><br />
<section class="av_textblock_section kuf_textblock_section "  itemscope="itemscope" itemtype="https://schema.org/CreativeWork" ><div class='avia_textblock kuf_textblock  '   itemprop="text" ><div class="kuf_textblock_image_container"><img src="https://www.kohlundfrech.de/wp-content/uploads/2019/04/Aufzug-flaticonDE7621_OR-300x300.png" /></div><div class="kuf_textblock_text_container"><p>Einbau eines Fahrstuhls mit behindertengerechter Ausstattung</p>
</div></section><br />
<div  class='avia-button-wrap avia-button-left  avia-builder-el-11  el_after_kuf_textblock  avia-builder-el-last ' ><a href='https://www.kohlundfrech.de/?page_id=263'  class='avia-button  avia-color-theme-color   avia-icon_select-yes-left-icon avia-size-medium avia-position-left '   ><span class='avia_button_icon avia_button_icon_left ' aria-hidden='true' data-av_icon='' data-av_iconfont='entypo-fontello'></span><span class='avia_iconbox_title' >Zurück</span></a></div></p></div>
