{"id":447,"date":"2019-05-09T14:04:43","date_gmt":"2019-05-09T12:04:43","guid":{"rendered":"https:\/\/www.kohlundfrech.de\/?post_type=portfolio&#038;p=447"},"modified":"2019-05-09T14:22:07","modified_gmt":"2019-05-09T12:22:07","slug":"447","status":"publish","type":"portfolio","link":"https:\/\/www.kohlundfrech.de\/?portfolio=447","title":{"rendered":"VR BANK S\u00dcDPFALZ, LANDAU"},"content":{"rendered":"<div id='full_slider_1'  class='avia-fullwidth-slider main_color avia-shadow   avia-builder-el-0  el_before_av_section  avia-builder-el-first   container_wrap fullsize' style=' '  ><div   data-size='no scaling'  data-lightbox_size='large'  data-animation='slide'  data-conditional_play=''  data-ids='451'  data-video_counter='0'  data-autoplay='false'  data-bg_slider='false'  data-slide_height=''  data-handle='av_slideshow_full'  data-interval='5'  data-class=' '  data-el_id=''  data-css_id=''  data-scroll_down=''  data-control_layout='av-control-default'  data-custom_markup=''  data-perma_caption=''  data-autoplay_stopper=''  data-image_attachment=''  data-min_height='0px'  data-lazy_loading='disabled'  data-src=''  data-position='top left'  data-repeat='no-repeat'  data-attach='scroll'  data-stretch=''  class='avia-slideshow avia-slideshow-1  av-control-default av-default-height-applied avia-slideshow-no scaling av_slideshow_full   avia-slide-slider '  itemprop=\"image\" itemscope=\"itemscope\" itemtype=\"https:\/\/schema.org\/ImageObject\" ><ul class='avia-slideshow-inner ' style='padding-bottom: 54.533508541393%;' ><li  class=' av-single-slide slide-1 ' ><div data-rel='slideshow-1' class='avia-slide-wrap '   ><img class=\"wp-image-451 avia-img-lazy-loading-not-451\"  src=\"https:\/\/www.kohlundfrech.de\/wp-content\/uploads\/2019\/05\/VR_Bank_Big.jpg\" width=\"1522\" height=\"830\" title='VR_Bank_Big' alt=''  itemprop=\"thumbnailUrl\" srcset=\"https:\/\/www.kohlundfrech.de\/wp-content\/uploads\/2019\/05\/VR_Bank_Big.jpg 1522w, https:\/\/www.kohlundfrech.de\/wp-content\/uploads\/2019\/05\/VR_Bank_Big-275x150.jpg 275w, https:\/\/www.kohlundfrech.de\/wp-content\/uploads\/2019\/05\/VR_Bank_Big-300x164.jpg 300w, https:\/\/www.kohlundfrech.de\/wp-content\/uploads\/2019\/05\/VR_Bank_Big-768x419.jpg 768w, https:\/\/www.kohlundfrech.de\/wp-content\/uploads\/2019\/05\/VR_Bank_Big-1030x562.jpg 1030w, https:\/\/www.kohlundfrech.de\/wp-content\/uploads\/2019\/05\/VR_Bank_Big-1500x818.jpg 1500w, https:\/\/www.kohlundfrech.de\/wp-content\/uploads\/2019\/05\/VR_Bank_Big-705x384.jpg 705w, https:\/\/www.kohlundfrech.de\/wp-content\/uploads\/2019\/05\/VR_Bank_Big-450x245.jpg 450w\" sizes=\"(max-width: 1522px) 100vw, 1522px\" \/><\/div><\/li><\/ul><\/div><\/div>\n<div id='av_section_1'  class='avia-section main_color avia-section-default avia-no-border-styling  avia-bg-style-scroll  avia-builder-el-1  el_after_av_slideshow_full  avia-builder-el-last   container_wrap fullsize' style=' '  ><div class='container' ><div class='template-page content  av-content-full alpha units'><div class='post-entry post-entry-type-page post-entry-447'><div class='entry-content-wrapper clearfix'>\n<div class=\"flex_column av_one_full  flex_column_div av-zero-column-padding first  avia-builder-el-2  avia-builder-el-no-sibling  \" style='border-radius:0px; '><section class=\"av_textblock_section \"  itemscope=\"itemscope\" itemtype=\"https:\/\/schema.org\/CreativeWork\" ><div class='avia_textblock  '   itemprop=\"text\" ><h2>VR BANK S\u00dcDPFALZ,\u00a0LANDAU<\/h2>\n<\/div><\/section><br \/>\n<section class=\"av_textblock_section \"  itemscope=\"itemscope\" itemtype=\"https:\/\/schema.org\/CreativeWork\" ><div class='avia_textblock  '   itemprop=\"text\" ><p><span style=\"color: #f07c00;\"><strong>Projekt:<\/strong><\/span> Erweiterung VR Bank S\u00fcdpfalz, Landau 1. Bauabschnitt und 2. Bauabschnitt<br \/>\nDas bestehende Geb\u00e4ude wird durch einen Neubau erweitert. Im zweiten Stock wird der\u00a0Neubau \u00fcber einen \u201eSkywalk\u201c mit dem Stammhaus der Bank verbunden.<br \/>\n<span style=\"color: #f07c00;\"><strong>Bauherr:<\/strong><\/span> VR Bank S\u00fcdpfalz eG<br \/>\n<span style=\"color: #f07c00;\"><strong>Baujahr:<\/strong><\/span> Planung ab 2015, Bau 2017\/2018<br \/>\n<span style=\"color: #f07c00;\"><strong>Leistungen:<\/strong><\/span> 1. Bauabschnitt: Planung und Bauleitung in allen Leistungsphasen nach HOAI;<br \/>\n2. Bauabschnitt: Leistungsphasen 1-3 bzw. 4 (Entw\u00e4sserungsgesuch), Bau\u00fcberwachung und Nachtragspr\u00fcfung\u00a0auf Nachweis<\/p>\n<\/div><\/section><br \/>\n<section class=\"av_textblock_section kuf_textblock_section \"  itemscope=\"itemscope\" itemtype=\"https:\/\/schema.org\/CreativeWork\" ><div class='avia_textblock kuf_textblock  '   itemprop=\"text\" ><div class=\"kuf_textblock_image_container\"><img src=\"https:\/\/www.kohlundfrech.de\/wp-content\/uploads\/2019\/04\/HEIZUNG_flaticonDE7621-OR-80x80.png\" \/><\/div><div class=\"kuf_textblock_text_container\"><p>Beheizung mit W\u00e4rmepumpe und Aktivierung von Ortbetonbohrpf\u00e4hlen der Geb\u00e4udegr\u00fcndung\u00a0bzw. Erdgasbrennwerttherme \u00fcber Heiz-K\u00fchldecke<\/p>\n<\/div><\/section><br \/>\n<section class=\"av_textblock_section kuf_textblock_section \"  itemscope=\"itemscope\" itemtype=\"https:\/\/schema.org\/CreativeWork\" ><div class='avia_textblock kuf_textblock  '   itemprop=\"text\" ><div class=\"kuf_textblock_image_container\"><img src=\"https:\/\/www.kohlundfrech.de\/wp-content\/uploads\/2019\/04\/KAELTE_flativonDE7621_OR-300x300.png\" \/><\/div><div class=\"kuf_textblock_text_container\"><p>K\u00fchlung mit W\u00e4rmepumpe und Aktivierung von Ortbetonbohrpf\u00e4hlen der Geb\u00e4udegr\u00fcndung\u00a0bzw. K\u00e4ltemaschine \u00fcber Heiz-K\u00fchldecke<\/p>\n<\/div><\/section><br \/>\n<section class=\"av_textblock_section kuf_textblock_section \"  itemscope=\"itemscope\" itemtype=\"https:\/\/schema.org\/CreativeWork\" ><div class='avia_textblock kuf_textblock  '   itemprop=\"text\" ><div class=\"kuf_textblock_image_container\"><img src=\"https:\/\/www.kohlundfrech.de\/wp-content\/uploads\/2019\/04\/LUEFTUNG_flaticonDE7621_OR-300x300.png\" \/><\/div><div class=\"kuf_textblock_text_container\"><p>Be- und Entl\u00fcftung \u00fcber Zentrale L\u00fcftungsger\u00e4te mit adiabater Verdunstungsk\u00fchlung<\/p>\n<\/div><\/section><br \/>\n<section class=\"av_textblock_section kuf_textblock_section \"  itemscope=\"itemscope\" itemtype=\"https:\/\/schema.org\/CreativeWork\" ><div class='avia_textblock kuf_textblock  '   itemprop=\"text\" ><div class=\"kuf_textblock_image_container\"><img src=\"https:\/\/www.kohlundfrech.de\/wp-content\/uploads\/2019\/04\/Sanitaer_flaticonDE7621_OR-300x300.png\" \/><\/div><div class=\"kuf_textblock_text_container\"><p>Neue Sanit\u00e4robjekte inkl. Ver- und Entsorgung, sowie Regenentw\u00e4sserung<\/p>\n<\/div><\/section><br \/>\n<section class=\"av_textblock_section kuf_textblock_section \"  itemscope=\"itemscope\" itemtype=\"https:\/\/schema.org\/CreativeWork\" ><div class='avia_textblock kuf_textblock  '   itemprop=\"text\" ><div class=\"kuf_textblock_image_container\"><img src=\"https:\/\/www.kohlundfrech.de\/wp-content\/uploads\/2019\/04\/ELEKTRO_flaticonDE7621_OR-300x300.png\" \/><\/div><div class=\"kuf_textblock_text_container\"><p>Versorgung des Geb\u00e4udes mit Strom, Telefon und Datentechnik von bestehendem Geb\u00e4ude in\u00a0Zusammenarbeit mit dem \u00f6rtlichen EVU, komplette Elektroinstallation mit KNX-Bustechnik,\u00a0Beleuchtung inkl. Sicherheits- und Notbeleuchtung, Blitzschutz- und Erdungsanlage<\/p>\n<\/div><\/section><br \/>\n<section class=\"av_textblock_section kuf_textblock_section \"  itemscope=\"itemscope\" itemtype=\"https:\/\/schema.org\/CreativeWork\" ><div class='avia_textblock kuf_textblock  '   itemprop=\"text\" ><div class=\"kuf_textblock_image_container\"><img src=\"https:\/\/www.kohlundfrech.de\/wp-content\/uploads\/2019\/04\/Geba\u0308udeautomation_flaticon_DE7621_OR-300x300.png\" \/><\/div><div class=\"kuf_textblock_text_container\"><p>Telefon und Datennetz, Medientechnik, SAT-TV-Anlage, Klingel-\/Sprechanlage, Durchsageanlage,\u00a0Zutrittskontrolle<\/p>\n<\/div><\/section><br \/>\n<section class=\"av_textblock_section kuf_textblock_section \"  itemscope=\"itemscope\" itemtype=\"https:\/\/schema.org\/CreativeWork\" ><div class='avia_textblock kuf_textblock  '   itemprop=\"text\" ><div class=\"kuf_textblock_image_container\"><img src=\"https:\/\/www.kohlundfrech.de\/wp-content\/uploads\/2019\/04\/Aufzug-flaticonDE7621_OR-300x300.png\" \/><\/div><div class=\"kuf_textblock_text_container\"><p>Personenaufzugsanlage<\/p>\n<\/div><\/section><br \/>\n<div  class='avia-button-wrap avia-button-left  avia-builder-el-12  el_after_kuf_textblock  avia-builder-el-last ' ><a href='https:\/\/www.kohlundfrech.de\/?page_id=263'  class='avia-button  avia-color-theme-color   avia-icon_select-yes-left-icon avia-size-medium avia-position-left '   ><span class='avia_button_icon avia_button_icon_left ' aria-hidden='true' data-av_icon='\ue830' data-av_iconfont='entypo-fontello'><\/span><span class='avia_iconbox_title' >Zur\u00fcck<\/span><\/a><\/div><\/p><\/div>\n","protected":false},"excerpt":{"rendered":"","protected":false},"featured_media":448,"comment_status":"open","ping_status":"closed","template":"","tags":[],"portfolio_entries":[8],"_links":{"self":[{"href":"https:\/\/www.kohlundfrech.de\/index.php?rest_route=\/wp\/v2\/portfolio\/447"}],"collection":[{"href":"https:\/\/www.kohlundfrech.de\/index.php?rest_route=\/wp\/v2\/portfolio"}],"about":[{"href":"https:\/\/www.kohlundfrech.de\/index.php?rest_route=\/wp\/v2\/types\/portfolio"}],"replies":[{"embeddable":true,"href":"https:\/\/www.kohlundfrech.de\/index.php?rest_route=%2Fwp%2Fv2%2Fcomments&post=447"}],"version-history":[{"count":5,"href":"https:\/\/www.kohlundfrech.de\/index.php?rest_route=\/wp\/v2\/portfolio\/447\/revisions"}],"predecessor-version":[{"id":453,"href":"https:\/\/www.kohlundfrech.de\/index.php?rest_route=\/wp\/v2\/portfolio\/447\/revisions\/453"}],"wp:featuredmedia":[{"embeddable":true,"href":"https:\/\/www.kohlundfrech.de\/index.php?rest_route=\/wp\/v2\/media\/448"}],"wp:attachment":[{"href":"https:\/\/www.kohlundfrech.de\/index.php?rest_route=%2Fwp%2Fv2%2Fmedia&parent=447"}],"wp:term":[{"taxonomy":"post_tag","embeddable":true,"href":"https:\/\/www.kohlundfrech.de\/index.php?rest_route=%2Fwp%2Fv2%2Ftags&post=447"},{"taxonomy":"portfolio_entries","embeddable":true,"href":"https:\/\/www.kohlundfrech.de\/index.php?rest_route=%2Fwp%2Fv2%2Fportfolio_entries&post=447"}],"curies":[{"name":"wp","href":"https:\/\/api.w.org\/{rel}","templated":true}]}}

VR BANK SÜDPFALZ, LANDAU

<div id='full_slider_1'  class='avia-fullwidth-slider main_color avia-shadow   avia-builder-el-0  el_before_av_section  avia-builder-el-first   container_wrap fullsize' style=' '  ><div   data-size='no scaling'  data-lightbox_size='large'  data-animation='slide'  data-conditional_play=''  data-ids='451'  data-video_counter='0'  data-autoplay='false'  data-bg_slider='false'  data-slide_height=''  data-handle='av_slideshow_full'  data-interval='5'  data-class=' '  data-el_id=''  data-css_id=''  data-scroll_down=''  data-control_layout='av-control-default'  data-custom_markup=''  data-perma_caption=''  data-autoplay_stopper=''  data-image_attachment=''  data-min_height='0px'  data-lazy_loading='disabled'  data-src=''  data-position='top left'  data-repeat='no-repeat'  data-attach='scroll'  data-stretch=''  class='avia-slideshow avia-slideshow-1  av-control-default av-default-height-applied avia-slideshow-no scaling av_slideshow_full   avia-slide-slider '  itemprop="image" itemscope="itemscope" itemtype="https://schema.org/ImageObject" ><ul class='avia-slideshow-inner ' style='padding-bottom: 54.533508541393%;' ><li  class=' av-single-slide slide-1 ' ><div data-rel='slideshow-1' class='avia-slide-wrap '   ><img class="wp-image-451 avia-img-lazy-loading-not-451"  src="https://www.kohlundfrech.de/wp-content/uploads/2019/05/VR_Bank_Big.jpg" width="1522" height="830" title='VR_Bank_Big' alt=''  itemprop="thumbnailUrl" srcset="https://www.kohlundfrech.de/wp-content/uploads/2019/05/VR_Bank_Big.jpg 1522w, https://www.kohlundfrech.de/wp-content/uploads/2019/05/VR_Bank_Big-275x150.jpg 275w, https://www.kohlundfrech.de/wp-content/uploads/2019/05/VR_Bank_Big-300x164.jpg 300w, https://www.kohlundfrech.de/wp-content/uploads/2019/05/VR_Bank_Big-768x419.jpg 768w, https://www.kohlundfrech.de/wp-content/uploads/2019/05/VR_Bank_Big-1030x562.jpg 1030w, https://www.kohlundfrech.de/wp-content/uploads/2019/05/VR_Bank_Big-1500x818.jpg 1500w, https://www.kohlundfrech.de/wp-content/uploads/2019/05/VR_Bank_Big-705x384.jpg 705w, https://www.kohlundfrech.de/wp-content/uploads/2019/05/VR_Bank_Big-450x245.jpg 450w" sizes="(max-width: 1522px) 100vw, 1522px" /></div></li></ul></div></div>
<div id='av_section_1'  class='avia-section main_color avia-section-default avia-no-border-styling  avia-bg-style-scroll  avia-builder-el-1  el_after_av_slideshow_full  avia-builder-el-last   container_wrap fullsize' style=' '  ><div class='container' ><div class='template-page content  av-content-full alpha units'><div class='post-entry post-entry-type-page post-entry-447'><div class='entry-content-wrapper clearfix'>
<div class="flex_column av_one_full  flex_column_div av-zero-column-padding first  avia-builder-el-2  avia-builder-el-no-sibling  " style='border-radius:0px; '><section class="av_textblock_section "  itemscope="itemscope" itemtype="https://schema.org/CreativeWork" ><div class='avia_textblock  '   itemprop="text" ><h2>VR BANK SÜDPFALZ, LANDAU</h2>
</div></section><br />
<section class="av_textblock_section "  itemscope="itemscope" itemtype="https://schema.org/CreativeWork" ><div class='avia_textblock  '   itemprop="text" ><p><span style="color: #f07c00;"><strong>Projekt:</strong></span> Erweiterung VR Bank Südpfalz, Landau 1. Bauabschnitt und 2. Bauabschnitt<br />
Das bestehende Gebäude wird durch einen Neubau erweitert. Im zweiten Stock wird der Neubau über einen „Skywalk“ mit dem Stammhaus der Bank verbunden.<br />
<span style="color: #f07c00;"><strong>Bauherr:</strong></span> VR Bank Südpfalz eG<br />
<span style="color: #f07c00;"><strong>Baujahr:</strong></span> Planung ab 2015, Bau 2017/2018<br />
<span style="color: #f07c00;"><strong>Leistungen:</strong></span> 1. Bauabschnitt: Planung und Bauleitung in allen Leistungsphasen nach HOAI;<br />
2. Bauabschnitt: Leistungsphasen 1-3 bzw. 4 (Entwässerungsgesuch), Bauüberwachung und Nachtragsprüfung auf Nachweis</p>
</div></section><br />
<section class="av_textblock_section kuf_textblock_section "  itemscope="itemscope" itemtype="https://schema.org/CreativeWork" ><div class='avia_textblock kuf_textblock  '   itemprop="text" ><div class="kuf_textblock_image_container"><img src="https://www.kohlundfrech.de/wp-content/uploads/2019/04/HEIZUNG_flaticonDE7621-OR-80x80.png" /></div><div class="kuf_textblock_text_container"><p>Beheizung mit Wärmepumpe und Aktivierung von Ortbetonbohrpfählen der Gebäudegründung bzw. Erdgasbrennwerttherme über Heiz-Kühldecke</p>
</div></section><br />
<section class="av_textblock_section kuf_textblock_section "  itemscope="itemscope" itemtype="https://schema.org/CreativeWork" ><div class='avia_textblock kuf_textblock  '   itemprop="text" ><div class="kuf_textblock_image_container"><img src="https://www.kohlundfrech.de/wp-content/uploads/2019/04/KAELTE_flativonDE7621_OR-300x300.png" /></div><div class="kuf_textblock_text_container"><p>Kühlung mit Wärmepumpe und Aktivierung von Ortbetonbohrpfählen der Gebäudegründung bzw. Kältemaschine über Heiz-Kühldecke</p>
</div></section><br />
<section class="av_textblock_section kuf_textblock_section "  itemscope="itemscope" itemtype="https://schema.org/CreativeWork" ><div class='avia_textblock kuf_textblock  '   itemprop="text" ><div class="kuf_textblock_image_container"><img src="https://www.kohlundfrech.de/wp-content/uploads/2019/04/LUEFTUNG_flaticonDE7621_OR-300x300.png" /></div><div class="kuf_textblock_text_container"><p>Be- und Entlüftung über Zentrale Lüftungsgeräte mit adiabater Verdunstungskühlung</p>
</div></section><br />
<section class="av_textblock_section kuf_textblock_section "  itemscope="itemscope" itemtype="https://schema.org/CreativeWork" ><div class='avia_textblock kuf_textblock  '   itemprop="text" ><div class="kuf_textblock_image_container"><img src="https://www.kohlundfrech.de/wp-content/uploads/2019/04/Sanitaer_flaticonDE7621_OR-300x300.png" /></div><div class="kuf_textblock_text_container"><p>Neue Sanitärobjekte inkl. Ver- und Entsorgung, sowie Regenentwässerung</p>
</div></section><br />
<section class="av_textblock_section kuf_textblock_section "  itemscope="itemscope" itemtype="https://schema.org/CreativeWork" ><div class='avia_textblock kuf_textblock  '   itemprop="text" ><div class="kuf_textblock_image_container"><img src="https://www.kohlundfrech.de/wp-content/uploads/2019/04/ELEKTRO_flaticonDE7621_OR-300x300.png" /></div><div class="kuf_textblock_text_container"><p>Versorgung des Gebäudes mit Strom, Telefon und Datentechnik von bestehendem Gebäude in Zusammenarbeit mit dem örtlichen EVU, komplette Elektroinstallation mit KNX-Bustechnik, Beleuchtung inkl. Sicherheits- und Notbeleuchtung, Blitzschutz- und Erdungsanlage</p>
</div></section><br />
<section class="av_textblock_section kuf_textblock_section "  itemscope="itemscope" itemtype="https://schema.org/CreativeWork" ><div class='avia_textblock kuf_textblock  '   itemprop="text" ><div class="kuf_textblock_image_container"><img src="https://www.kohlundfrech.de/wp-content/uploads/2019/04/Gebäudeautomation_flaticon_DE7621_OR-300x300.png" /></div><div class="kuf_textblock_text_container"><p>Telefon und Datennetz, Medientechnik, SAT-TV-Anlage, Klingel-/Sprechanlage, Durchsageanlage, Zutrittskontrolle</p>
</div></section><br />
<section class="av_textblock_section kuf_textblock_section "  itemscope="itemscope" itemtype="https://schema.org/CreativeWork" ><div class='avia_textblock kuf_textblock  '   itemprop="text" ><div class="kuf_textblock_image_container"><img src="https://www.kohlundfrech.de/wp-content/uploads/2019/04/Aufzug-flaticonDE7621_OR-300x300.png" /></div><div class="kuf_textblock_text_container"><p>Personenaufzugsanlage</p>
</div></section><br />
<div  class='avia-button-wrap avia-button-left  avia-builder-el-12  el_after_kuf_textblock  avia-builder-el-last ' ><a href='https://www.kohlundfrech.de/?page_id=263'  class='avia-button  avia-color-theme-color   avia-icon_select-yes-left-icon avia-size-medium avia-position-left '   ><span class='avia_button_icon avia_button_icon_left ' aria-hidden='true' data-av_icon='' data-av_iconfont='entypo-fontello'></span><span class='avia_iconbox_title' >Zurück</span></a></div></p></div>
